CRAN Package Check Results for Package datapasta

Last updated on 2025-02-24 19:50:31 CET.

Flavor Version Tinstall Tcheck Ttotal Status Flags
r-devel-linux-x86_64-debian-clang 3.1.0 2.87 31.70 34.57 OK
r-devel-linux-x86_64-debian-gcc 3.1.0 1.78 24.66 26.44 OK
r-devel-linux-x86_64-fedora-clang 3.1.0 58.19 OK
r-devel-linux-x86_64-fedora-gcc 3.1.0 66.47 OK
r-devel-macos-arm64 3.1.0 28.00 OK
r-devel-macos-x86_64 3.1.0 52.00 OK
r-devel-windows-x86_64 3.1.0 5.00 71.00 76.00 OK
r-patched-linux-x86_64 3.1.0 2.88 29.95 32.83 NOTE
r-release-linux-x86_64 3.1.0 2.63 30.19 32.82 NOTE
r-release-macos-arm64 3.1.0 26.00 NOTE
r-release-macos-x86_64 3.1.0 40.00 NOTE
r-release-windows-x86_64 3.1.0 5.00 70.00 75.00 NOTE
r-oldrel-macos-arm64 3.1.0 26.00 NOTE
r-oldrel-macos-x86_64 3.1.0 41.00 NOTE
r-oldrel-windows-x86_64 3.1.0 5.00 109.00 114.00 NOTE

Check Details

Version: 3.1.0
Check: LazyData
Result: NOTE 'LazyData' is specified without a 'data' directory Flavors: r-patched-linux-x86_64, r-release-linux-x86_64, r-release-macos-arm64, r-release-macos-x86_64, r-release-windows-x86_64, r-oldrel-macos-arm64, r-oldrel-macos-x86_64, r-oldrel-windows-x86_64