Last updated on 2025-02-24 19:50:31 CET.
Flavor | Version | Tinstall | Tcheck | Ttotal | Status | Flags |
---|---|---|---|---|---|---|
r-devel-linux-x86_64-debian-clang | 1.0.0 | 102.20 | 62.07 | 164.27 | OK | |
r-devel-linux-x86_64-debian-gcc | 1.0.0 | 79.59 | 48.79 | 128.38 | OK | |
r-devel-linux-x86_64-fedora-clang | 1.0.0 | 353.24 | WARN | |||
r-devel-linux-x86_64-fedora-gcc | 1.0.0 | 332.41 | OK | |||
r-devel-macos-arm64 | 1.0.0 | 87.00 | OK | |||
r-devel-macos-x86_64 | 1.0.0 | 148.00 | OK | |||
r-devel-windows-x86_64 | 1.0.0 | 120.00 | 111.00 | 231.00 | OK | |
r-patched-linux-x86_64 | 1.0.0 | 110.95 | 62.22 | 173.17 | OK | |
r-release-linux-x86_64 | 1.0.0 | 110.23 | 62.54 | 172.77 | OK | |
r-release-macos-arm64 | 1.0.0 | 97.00 | NOTE | |||
r-release-macos-x86_64 | 1.0.0 | 176.00 | NOTE | |||
r-release-windows-x86_64 | 1.0.0 | 122.00 | 108.00 | 230.00 | NOTE | |
r-oldrel-macos-arm64 | 1.0.0 | 102.00 | NOTE | |||
r-oldrel-macos-x86_64 | 1.0.0 | 141.00 | NOTE | |||
r-oldrel-windows-x86_64 | 1.0.0 | 148.00 | 126.00 | 274.00 | NOTE |
Version: 1.0.0
Check: whether package can be installed
Result: WARN
Found the following significant warnings:
./json.h:25655:35: warning: identifier '_json' preceded by whitespace in a literal operator declaration is deprecated [-Wdeprecated-literal-operator]
./json.h:25674:49: warning: identifier '_json_pointer' preceded by whitespace in a literal operator declaration is deprecated [-Wdeprecated-literal-operator]
See ‘/data/gannet/ripley/R/packages/tests-clang/denim.Rcheck/00install.out’ for details.
* used C++ compiler: ‘clang version 20.1.0-rc2’
Flavor: r-devel-linux-x86_64-fedora-clang
Version: 1.0.0
Check: installed package size
Result: NOTE
installed size is 17.7Mb
sub-directories of 1Mb or more:
doc 2.4Mb
help 2.2Mb
libs 13.0Mb
Flavors: r-release-macos-arm64, r-release-macos-x86_64, r-release-windows-x86_64, r-oldrel-macos-arm64, r-oldrel-macos-x86_64, r-oldrel-windows-x86_64