Last updated on 2024-12-18 19:49:12 CET.
Flavor | Version | Tinstall | Tcheck | Ttotal | Status | Flags |
---|---|---|---|---|---|---|
r-devel-linux-x86_64-debian-clang | 0.1.0 | 4.44 | 47.39 | 51.83 | OK | |
r-devel-linux-x86_64-debian-gcc | 0.1.0 | 2.89 | 34.24 | 37.13 | OK | |
r-devel-linux-x86_64-fedora-clang | 0.1.0 | 85.58 | OK | |||
r-devel-linux-x86_64-fedora-gcc | 0.1.0 | 80.57 | OK | |||
r-devel-windows-x86_64 | 0.1.0 | 7.00 | 63.00 | 70.00 | OK | |
r-patched-linux-x86_64 | 0.1.0 | 4.43 | 44.89 | 49.32 | NOTE | |
r-release-linux-x86_64 | 0.1.0 | 3.57 | 44.46 | 48.03 | NOTE | |
r-release-macos-arm64 | 0.1.0 | 25.00 | NOTE | |||
r-release-macos-x86_64 | 0.1.0 | 38.00 | NOTE | |||
r-release-windows-x86_64 | 0.1.0 | 7.00 | 77.00 | 84.00 | NOTE | |
r-oldrel-macos-arm64 | 0.1.0 | 31.00 | NOTE | |||
r-oldrel-macos-x86_64 | 0.1.0 | 52.00 | NOTE | |||
r-oldrel-windows-x86_64 | 0.1.0 | 6.00 | 76.00 | 82.00 | NOTE |
Version: 0.1.0
Check: package dependencies
Result: NOTE
Package suggested but not available for checking: ‘gurobi’
Flavors: r-patched-linux-x86_64, r-release-linux-x86_64, r-release-macos-arm64, r-release-macos-x86_64, r-release-windows-x86_64, r-oldrel-macos-arm64, r-oldrel-macos-x86_64, r-oldrel-windows-x86_64