Last updated on 2024-12-18 19:49:12 CET.
Flavor | Version | Tinstall | Tcheck | Ttotal | Status | Flags |
---|---|---|---|---|---|---|
r-devel-linux-x86_64-debian-clang | 1.0.1 | 2.73 | 37.15 | 39.88 | OK | |
r-devel-linux-x86_64-debian-gcc | 1.0.1 | 2.07 | 27.40 | 29.47 | OK | |
r-devel-linux-x86_64-fedora-clang | 1.0.1 | 65.68 | OK | |||
r-devel-linux-x86_64-fedora-gcc | 1.0.1 | 592.11 | OK | |||
r-devel-windows-x86_64 | 1.0.1 | 5.00 | 59.00 | 64.00 | OK | |
r-patched-linux-x86_64 | 1.0.1 | 2.61 | 34.96 | 37.57 | NOTE | |
r-release-linux-x86_64 | 1.0.1 | 1.97 | 34.93 | 36.90 | NOTE | |
r-release-macos-arm64 | 1.0.1 | 271.00 | NOTE | |||
r-release-macos-x86_64 | 1.0.1 | 823.00 | NOTE | |||
r-release-windows-x86_64 | 1.0.1 | 6.00 | 69.00 | 75.00 | NOTE | |
r-oldrel-macos-arm64 | 1.0.1 | 261.00 | NOTE | |||
r-oldrel-macos-x86_64 | 1.0.1 | 860.00 | NOTE | |||
r-oldrel-windows-x86_64 | 1.0.1 | 4.00 | 67.00 | 71.00 | NOTE |
Version: 1.0.1
Check: package dependencies
Result: NOTE
Packages suggested but not available for checking: 'dsBaseClient', 'dsBase'
Flavors: r-patched-linux-x86_64, r-release-linux-x86_64, r-release-macos-arm64, r-release-macos-x86_64, r-release-windows-x86_64, r-oldrel-macos-arm64, r-oldrel-macos-x86_64, r-oldrel-windows-x86_64