Last updated on 2025-05-18 19:50:20 CEST.
Flavor | Version | Tinstall | Tcheck | Ttotal | Status | Flags |
---|---|---|---|---|---|---|
r-devel-linux-x86_64-debian-clang | 0.3.0 | 5.47 | 44.56 | 50.03 | NOTE | |
r-devel-linux-x86_64-debian-gcc | 0.3.0 | 3.61 | 31.92 | 35.53 | NOTE | |
r-devel-linux-x86_64-fedora-clang | 0.3.0 | 73.17 | OK | |||
r-devel-linux-x86_64-fedora-gcc | 0.3.0 | 68.18 | OK | |||
r-devel-windows-x86_64 | 0.3.0 | 8.00 | 56.00 | 64.00 | OK | |
r-patched-linux-x86_64 | 0.3.0 | 4.05 | 38.21 | 42.26 | OK | |
r-release-linux-x86_64 | 0.3.0 | 5.20 | 37.95 | 43.15 | OK | |
r-release-macos-arm64 | 0.3.0 | 29.00 | OK | |||
r-release-macos-x86_64 | 0.3.0 | 45.00 | OK | |||
r-release-windows-x86_64 | 0.3.0 | 7.00 | 61.00 | 68.00 | OK | |
r-oldrel-macos-arm64 | 0.3.0 | 27.00 | NOTE | |||
r-oldrel-macos-x86_64 | 0.3.0 | 42.00 | NOTE | |||
r-oldrel-windows-x86_64 | 0.3.0 | 9.00 | 67.00 | 76.00 | NOTE |
Version: 0.3.0
Check: CRAN incoming feasibility
Result: NOTE
Maintainer: ‘Russ Hyde <russ.hyde.data@gmail.com>’
No Authors@R field in DESCRIPTION.
Please add one, modifying
Authors@R: c(person(given = "Russ",
family = "Hyde",
role = c("aut", "cre"),
email = "russ.hyde.data@gmail.com"),
person(given = c("University", "of"),
family = "Glasgow",
role = "aut"))
as necessary.
Flavors: r-devel-linux-x86_64-debian-clang, r-devel-linux-x86_64-debian-gcc
Version: 0.3.0
Check: LazyData
Result: NOTE
'LazyData' is specified without a 'data' directory
Flavors: r-oldrel-macos-arm64, r-oldrel-macos-x86_64, r-oldrel-windows-x86_64