Last updated on 2025-02-24 19:50:32 CET.
Flavor | Version | Tinstall | Tcheck | Ttotal | Status | Flags |
---|---|---|---|---|---|---|
r-devel-linux-x86_64-debian-clang | 1.3.3 | 14.92 | 287.14 | 302.06 | NOTE | |
r-devel-linux-x86_64-debian-gcc | 1.3.3 | 11.45 | 188.83 | 200.28 | NOTE | |
r-devel-linux-x86_64-fedora-clang | 1.3.3 | 481.43 | OK | |||
r-devel-linux-x86_64-fedora-gcc | 1.3.3 | 529.60 | OK | |||
r-devel-macos-arm64 | 1.3.3 | 141.00 | OK | |||
r-devel-macos-x86_64 | 1.3.3 | 551.00 | OK | |||
r-devel-windows-x86_64 | 1.3.3 | 17.00 | 332.00 | 349.00 | NOTE | |
r-patched-linux-x86_64 | 1.3.3 | 20.84 | 261.33 | 282.17 | OK | |
r-release-linux-x86_64 | 1.3.3 | 13.17 | 262.01 | 275.18 | OK | |
r-release-macos-arm64 | 1.3.3 | 126.00 | OK | |||
r-release-macos-x86_64 | 1.3.3 | 263.00 | OK | |||
r-release-windows-x86_64 | 1.3.3 | 18.00 | 334.00 | 352.00 | OK | |
r-oldrel-macos-arm64 | 1.3.3 | 168.00 | OK | |||
r-oldrel-macos-x86_64 | 1.3.3 | 383.00 | OK | |||
r-oldrel-windows-x86_64 | 1.3.3 | 23.00 | 388.00 | 411.00 | OK |
Version: 1.3.3
Check: Rd cross-references
Result: NOTE
Found the following Rd file(s) with Rd \link{} targets missing package
anchors:
join_vars_to_ontol.Rd: tidygraph
metavariable_agg.Rd: tidygraph
Please provide package anchors for all Rd \link{} targets not in the
package itself and the base packages.
Flavors: r-devel-linux-x86_64-debian-clang, r-devel-linux-x86_64-debian-gcc, r-devel-windows-x86_64