Last updated on 2025-02-24 19:50:32 CET.
Flavor | Version | Tinstall | Tcheck | Ttotal | Status | Flags |
---|---|---|---|---|---|---|
r-devel-linux-x86_64-debian-clang | 1.0.1 | 6.79 | 68.42 | 75.21 | NOTE | |
r-devel-linux-x86_64-debian-gcc | 1.0.1 | 3.85 | 51.18 | 55.03 | NOTE | |
r-devel-linux-x86_64-fedora-clang | 1.0.1 | 117.20 | ERROR | |||
r-devel-linux-x86_64-fedora-gcc | 1.0.1 | 132.47 | ERROR | |||
r-devel-macos-arm64 | 1.0.1 | 54.00 | OK | |||
r-devel-macos-x86_64 | 1.0.1 | 101.00 | OK | |||
r-devel-windows-x86_64 | 1.0.1 | 10.00 | 109.00 | 119.00 | NOTE | |
r-patched-linux-x86_64 | 1.0.1 | 12.50 | 64.03 | 76.53 | OK | |
r-release-linux-x86_64 | 1.0.1 | 6.58 | 63.10 | 69.68 | OK | |
r-release-macos-arm64 | 1.0.1 | 44.00 | OK | |||
r-release-macos-x86_64 | 1.0.1 | 66.00 | OK | |||
r-release-windows-x86_64 | 1.0.1 | 10.00 | 112.00 | 122.00 | OK | |
r-oldrel-macos-arm64 | 1.0.1 | 44.00 | OK | |||
r-oldrel-macos-x86_64 | 1.0.1 | 66.00 | OK | |||
r-oldrel-windows-x86_64 | 1.0.1 | 10.00 | 129.00 | 139.00 | OK |
Version: 1.0.1
Check: Rd cross-references
Result: NOTE
Found the following Rd file(s) with Rd \link{} targets missing package
anchors:
eem_biological_index.Rd: interp2
eem_coble_peaks.Rd: interp2
eem_fluorescence_index.Rd: interp2
eem_humification_index.Rd: interp2
eem_peaks.Rd: interp2
Please provide package anchors for all Rd \link{} targets not in the
package itself and the base packages.
Flavors: r-devel-linux-x86_64-debian-clang, r-devel-linux-x86_64-debian-gcc, r-devel-windows-x86_64
Version: 1.0.1
Check: examples
Result: ERROR
Running examples in ‘eemR-Ex.R’ failed
The error most likely occurred in:
> ### Name: eem_export_matlab
> ### Title: Export EEMs to Matlab
> ### Aliases: eem_export_matlab
>
> ### ** Examples
>
> file <- system.file("extdata/cary/", package = "eemR")
> eem <- eem_read(file, recursive = TRUE, import_function = "cary")
>
> export_to <- paste(tempfile(), ".mat", sep = "")
> eem_export_matlab(export_to, eem)
Error in regexpr(as.character(pattern), text, ignore.case, perl, fixed, :
NA in coercion to Rboolean
Calls: eem_export_matlab ... popTemporaryFile -> popTemporaryFile.default -> regexpr
Execution halted
Flavors: r-devel-linux-x86_64-fedora-clang, r-devel-linux-x86_64-fedora-gcc