Last updated on 2025-02-21 08:52:32 CET.
Flavor | Version | Tinstall | Tcheck | Ttotal | Status | Flags |
---|---|---|---|---|---|---|
r-devel-linux-x86_64-debian-clang | 1.0.0 | 35.81 | 22.48 | 58.29 | OK | |
r-devel-linux-x86_64-debian-gcc | 1.0.0 | 25.74 | 17.79 | 43.53 | OK | |
r-devel-linux-x86_64-fedora-clang | 1.0.0 | 105.03 | OK | |||
r-devel-linux-x86_64-fedora-gcc | 1.0.0 | 102.77 | OK | |||
r-devel-macos-arm64 | 1.0.0 | ERROR | ||||
r-devel-macos-x86_64 | 1.0.0 | 39.00 | OK | |||
r-devel-windows-x86_64 | 1.0.0 | 46.00 | 63.00 | 109.00 | OK | |
r-patched-linux-x86_64 | 1.0.0 | 37.01 | 21.42 | 58.43 | OK | |
r-release-linux-x86_64 | 1.0.0 | 35.25 | 21.37 | 56.62 | OK | |
r-release-macos-arm64 | 1.0.0 | ERROR | ||||
r-release-macos-x86_64 | 1.0.0 | 49.00 | OK | |||
r-release-windows-x86_64 | 1.0.0 | 43.00 | 61.00 | 104.00 | OK |
Version: 1.0.0
Check: whether package can be installed
Result: ERROR
Installation failed.
Flavors: r-devel-macos-arm64, r-release-macos-arm64