Last updated on 2025-02-24 19:50:33 CET.
Flavor | Version | Tinstall | Tcheck | Ttotal | Status | Flags |
---|---|---|---|---|---|---|
r-devel-linux-x86_64-debian-clang | 0.5.0 | 12.53 | 91.97 | 104.50 | OK | |
r-devel-linux-x86_64-debian-gcc | 0.5.1 | 7.82 | 62.49 | 70.31 | OK | |
r-devel-linux-x86_64-fedora-clang | 0.5.1 | 177.93 | WARN | |||
r-devel-linux-x86_64-fedora-gcc | 0.5.1 | 172.52 | OK | |||
r-devel-macos-arm64 | 0.5.0 | 44.00 | OK | |||
r-devel-macos-x86_64 | 0.5.1 | 84.00 | OK | |||
r-devel-windows-x86_64 | 0.5.0 | 17.00 | 107.00 | 124.00 | OK | |
r-patched-linux-x86_64 | 0.5.0 | 12.60 | 87.53 | 100.13 | OK | |
r-release-linux-x86_64 | 0.5.1 | 12.31 | 88.53 | 100.84 | OK | |
r-release-macos-arm64 | 0.5.0 | 52.00 | OK | |||
r-release-macos-x86_64 | 0.5.1 | 92.00 | OK | |||
r-release-windows-x86_64 | 0.5.0 | 19.00 | 106.00 | 125.00 | OK | |
r-oldrel-macos-arm64 | 0.5.0 | 50.00 | OK | |||
r-oldrel-macos-x86_64 | 0.5.1 | 89.00 | OK | |||
r-oldrel-windows-x86_64 | 0.5.1 | 22.00 | 132.00 | 154.00 | OK |
Version: 0.5.1
Check: whether package can be installed
Result: WARN
Found the following significant warnings:
/data/gannet/ripley/R/test-clang/cpp11/include/cpp11/R.hpp:52:31: warning: identifier '_xl' preceded by whitespace in a literal operator declaration is deprecated [-Wdeprecated-literal-operator]
/data/gannet/ripley/R/test-clang/cpp11/include/cpp11/named_arg.hpp:42:29: warning: identifier '_nm' preceded by whitespace in a literal operator declaration is deprecated [-Wdeprecated-literal-operator]
See ‘/data/gannet/ripley/R/packages/tests-clang/fastplyr.Rcheck/00install.out’ for details.
* used C++ compiler: ‘clang version 20.1.0-rc2’
Flavor: r-devel-linux-x86_64-fedora-clang