CRAN Package Check Results for Package fdapace

Last updated on 2024-12-18 19:49:13 CET.

Flavor Version Tinstall Tcheck Ttotal Status Flags
r-devel-linux-x86_64-debian-clang 0.6.0 224.35 173.99 398.34 OK
r-devel-linux-x86_64-debian-gcc 0.6.0 168.59 135.34 303.93 OK
r-devel-linux-x86_64-fedora-clang 0.6.0 683.22 OK
r-devel-linux-x86_64-fedora-gcc 0.6.0 777.50 OK
r-devel-windows-x86_64 0.6.0 201.00 206.00 407.00 OK
r-patched-linux-x86_64 0.6.0 233.84 183.72 417.56 OK
r-release-linux-x86_64 0.6.0 234.38 187.22 421.60 OK
r-release-macos-arm64 0.6.0 228.00 NOTE
r-release-macos-x86_64 0.6.0 302.00 NOTE
r-release-windows-x86_64 0.6.0 198.00 214.00 412.00 OK
r-oldrel-macos-arm64 0.6.0 235.00 NOTE
r-oldrel-macos-x86_64 0.6.0 289.00 NOTE
r-oldrel-windows-x86_64 0.6.0 259.00 258.00 517.00 OK

Check Details

Version: 0.6.0
Check: installed package size
Result: NOTE installed size is 40.2Mb sub-directories of 1Mb or more: libs 38.5Mb Flavors: r-release-macos-arm64, r-release-macos-x86_64, r-oldrel-macos-arm64, r-oldrel-macos-x86_64