Last updated on 2025-05-13 19:52:32 CEST.
Flavor | Version | Tinstall | Tcheck | Ttotal | Status | Flags |
---|---|---|---|---|---|---|
r-devel-linux-x86_64-debian-clang | 0.2 | 1.72 | 17.08 | 18.80 | OK | |
r-devel-linux-x86_64-debian-gcc | 0.2 | 1.42 | 14.15 | 15.57 | OK | |
r-devel-linux-x86_64-fedora-clang | 0.2 | 29.53 | OK | |||
r-devel-linux-x86_64-fedora-gcc | 0.2 | 28.01 | OK | |||
r-devel-windows-x86_64 | 0.2 | 2.00 | 39.00 | 41.00 | OK | |
r-patched-linux-x86_64 | 0.2 | 1.74 | 16.41 | 18.15 | OK | |
r-release-linux-x86_64 | 0.2 | 1.45 | 16.35 | 17.80 | OK | |
r-release-macos-arm64 | 0.2 | 16.00 | OK | |||
r-release-macos-x86_64 | 0.2 | 24.00 | OK | |||
r-release-windows-x86_64 | 0.2 | 3.00 | 44.00 | 47.00 | OK | |
r-oldrel-macos-arm64 | 0.2 | 15.00 | NOTE | |||
r-oldrel-macos-x86_64 | 0.2 | 21.00 | NOTE | |||
r-oldrel-windows-x86_64 | 0.2 | 2.00 | 39.00 | 41.00 | NOTE |
Version: 0.2
Check: LazyData
Result: NOTE
'LazyData' is specified without a 'data' directory
Flavors: r-oldrel-macos-arm64, r-oldrel-macos-x86_64, r-oldrel-windows-x86_64