CRAN Package Check Results for Package fmriqa

Last updated on 2024-12-18 19:49:13 CET.

Flavor Version Tinstall Tcheck Ttotal Status Flags
r-devel-linux-x86_64-debian-clang 0.3.0 6.33 73.35 79.68 OK
r-devel-linux-x86_64-debian-gcc 0.3.0 4.72 52.91 57.63 OK
r-devel-linux-x86_64-fedora-clang 0.3.0 130.66 OK
r-devel-linux-x86_64-fedora-gcc 0.3.0 135.37 OK
r-devel-windows-x86_64 0.3.0 9.00 84.00 93.00 OK
r-patched-linux-x86_64 0.3.0 5.80 69.13 74.93 NOTE
r-release-linux-x86_64 0.3.0 6.73 68.83 75.56 NOTE
r-release-macos-arm64 0.3.0 64.00 NOTE
r-release-macos-x86_64 0.3.0 146.00 NOTE
r-release-windows-x86_64 0.3.0 9.00 83.00 92.00 NOTE
r-oldrel-macos-arm64 0.3.0 61.00 NOTE
r-oldrel-macos-x86_64 0.3.0 109.00 NOTE
r-oldrel-windows-x86_64 0.3.0 10.00 96.00 106.00 NOTE

Check Details

Version: 0.3.0
Check: LazyData
Result: NOTE 'LazyData' is specified without a 'data' directory Flavors: r-patched-linux-x86_64, r-release-linux-x86_64, r-release-macos-arm64, r-release-macos-x86_64, r-release-windows-x86_64, r-oldrel-macos-arm64, r-oldrel-macos-x86_64, r-oldrel-windows-x86_64