CRAN Package Check Results for Package freqdist

Last updated on 2025-02-07 08:51:22 CET.

Flavor Version Tinstall Tcheck Ttotal Status Flags
r-devel-linux-x86_64-debian-clang 0.1 1.50 15.20 16.70 OK
r-devel-linux-x86_64-debian-gcc 0.1 1.19 12.82 14.01 OK
r-devel-linux-x86_64-fedora-clang 0.1 27.01 OK
r-devel-linux-x86_64-fedora-gcc 0.1 25.72 OK
r-devel-windows-x86_64 0.1 3.00 34.00 37.00 OK
r-patched-linux-x86_64 0.1 1.21 14.72 15.93 NOTE
r-release-linux-x86_64 0.1 1.32 14.86 16.18 NOTE
r-release-macos-arm64 0.1 13.00 NOTE
r-release-macos-x86_64 0.1 18.00 NOTE
r-release-windows-x86_64 0.1 3.00 33.00 36.00 NOTE
r-oldrel-macos-arm64 0.1 14.00 NOTE
r-oldrel-macos-x86_64 0.1 16.00 NOTE
r-oldrel-windows-x86_64 0.1 4.00 33.00 37.00 NOTE

Check Details

Version: 0.1
Check: LazyData
Result: NOTE 'LazyData' is specified without a 'data' directory Flavors: r-patched-linux-x86_64, r-release-linux-x86_64, r-release-macos-arm64, r-release-macos-x86_64, r-release-windows-x86_64, r-oldrel-macos-arm64, r-oldrel-macos-x86_64, r-oldrel-windows-x86_64