CRAN Package Check Results for Package ftsspec

Last updated on 2025-05-13 19:52:33 CEST.

Flavor Version Tinstall Tcheck Ttotal Status Flags
r-devel-linux-x86_64-debian-clang 1.0.0 2.65 24.75 27.40 NOTE
r-devel-linux-x86_64-debian-gcc 1.0.0 2.00 19.73 21.73 NOTE
r-devel-linux-x86_64-fedora-clang 1.0.0 42.11 NOTE
r-devel-linux-x86_64-fedora-gcc 1.0.0 40.35 NOTE
r-devel-windows-x86_64 1.0.0 4.00 53.00 57.00 NOTE
r-patched-linux-x86_64 1.0.0 2.90 23.20 26.10 NOTE
r-release-linux-x86_64 1.0.0 2.08 23.47 25.55 NOTE
r-release-macos-arm64 1.0.0 24.00 NOTE
r-release-macos-x86_64 1.0.0 29.00 NOTE
r-release-windows-x86_64 1.0.0 5.00 52.00 57.00 NOTE
r-oldrel-macos-arm64 1.0.0 16.00 NOTE
r-oldrel-macos-x86_64 1.0.0 24.00 NOTE
r-oldrel-windows-x86_64 1.0.0 4.00 55.00 59.00 NOTE

Check Details

Version: 1.0.0
Check: Rd files
Result: NOTE checkRd: (-1) Spec_compare_localize_freq.Rd:49: Escaped LaTeX specials: \& checkRd: (-1) Spec_compare_localize_freq.Rd:52: Escaped LaTeX specials: \& Flavors: r-devel-linux-x86_64-debian-clang, r-devel-linux-x86_64-debian-gcc, r-devel-linux-x86_64-fedora-clang, r-devel-linux-x86_64-fedora-gcc, r-devel-windows-x86_64, r-patched-linux-x86_64, r-release-linux-x86_64, r-release-macos-arm64, r-release-macos-x86_64, r-release-windows-x86_64, r-oldrel-macos-arm64, r-oldrel-macos-x86_64, r-oldrel-windows-x86_64

Version: 1.0.0
Check: LazyData
Result: NOTE 'LazyData' is specified without a 'data' directory Flavors: r-oldrel-macos-arm64, r-oldrel-macos-x86_64, r-oldrel-windows-x86_64