Last updated on 2025-05-13 19:52:34 CEST.
Flavor | Version | Tinstall | Tcheck | Ttotal | Status | Flags |
---|---|---|---|---|---|---|
r-devel-linux-x86_64-debian-clang | 0.1.1 | 6.04 | 54.38 | 60.42 | NOTE | |
r-devel-linux-x86_64-debian-gcc | 0.1.1 | 4.45 | 40.92 | 45.37 | NOTE | |
r-devel-linux-x86_64-fedora-clang | 0.1.1 | 94.75 | OK | |||
r-devel-linux-x86_64-fedora-gcc | 0.1.1 | 90.85 | OK | |||
r-devel-windows-x86_64 | 0.1.1 | 6.00 | 68.00 | 74.00 | OK | |
r-patched-linux-x86_64 | 0.1.1 | 6.49 | 53.45 | 59.94 | OK | |
r-release-linux-x86_64 | 0.1.1 | 5.61 | 52.37 | 57.98 | OK | |
r-release-macos-arm64 | 0.1.1 | 38.00 | OK | |||
r-release-macos-x86_64 | 0.1.1 | 53.00 | OK | |||
r-release-windows-x86_64 | 0.1.1 | 6.00 | 65.00 | 71.00 | OK | |
r-oldrel-macos-arm64 | 0.1.1 | 29.00 | OK | |||
r-oldrel-macos-x86_64 | 0.1.1 | 42.00 | OK | |||
r-oldrel-windows-x86_64 | 0.1.1 | 8.00 | 79.00 | 87.00 | OK |
Version: 0.1.1
Check: CRAN incoming feasibility
Result: NOTE
Maintainer: ‘Hoseung Song <hosong@ucdavis.edu>’
The Description field contains
data. Song, H. and Chen, H. (2022) <arXiv:2205.13787>.
Please refer to arXiv e-prints via their arXiv DOI <doi:10.48550/arXiv.YYMM.NNNNN>.
Flavors: r-devel-linux-x86_64-debian-clang, r-devel-linux-x86_64-debian-gcc