Last updated on 2024-12-18 19:49:14 CET.
Flavor | Version | Tinstall | Tcheck | Ttotal | Status | Flags |
---|---|---|---|---|---|---|
r-devel-linux-x86_64-debian-clang | 1.1-6 | 7.05 | 71.84 | 78.89 | NOTE | |
r-devel-linux-x86_64-debian-gcc | 1.1-6 | 5.71 | 54.69 | 60.40 | NOTE | |
r-devel-linux-x86_64-fedora-clang | 1.1-6 | 127.18 | NOTE | |||
r-devel-linux-x86_64-fedora-gcc | 1.1-6 | 120.82 | NOTE | |||
r-devel-windows-x86_64 | 1.1-6 | 9.00 | 89.00 | 98.00 | NOTE | |
r-patched-linux-x86_64 | 1.1-6 | 8.32 | 69.51 | 77.83 | NOTE | |
r-release-linux-x86_64 | 1.1-6 | 7.84 | 68.71 | 76.55 | NOTE | |
r-release-macos-arm64 | 1.1-6 | 38.00 | NOTE | |||
r-release-macos-x86_64 | 1.1-6 | 55.00 | NOTE | |||
r-release-windows-x86_64 | 1.1-6 | 9.00 | 99.00 | 108.00 | NOTE | |
r-oldrel-macos-arm64 | 1.1-6 | 39.00 | OK | |||
r-oldrel-macos-x86_64 | 1.1-6 | 64.00 | OK | |||
r-oldrel-windows-x86_64 | 1.1-6 | 11.00 | 111.00 | 122.00 | OK |
Version: 1.1-6
Check: Rd files
Result: NOTE
checkRd: (-1) pc.Rd:17: Lost braces
17 | The functions \code{gamlss.pcr()} and \code{gamlss.pc()} are supporting functions. The are not intended to be called directly by users. The function \code{gamlss.pc()} is using the linear model function \code{lm()} to fit the first principal components while the function code{gamlss.pcr()} uses \code{fitPCR()}.
| ^
Flavors: r-devel-linux-x86_64-debian-clang, r-devel-linux-x86_64-debian-gcc, r-devel-linux-x86_64-fedora-clang, r-devel-linux-x86_64-fedora-gcc, r-devel-windows-x86_64, r-patched-linux-x86_64, r-release-linux-x86_64, r-release-macos-arm64, r-release-macos-x86_64, r-release-windows-x86_64