Last updated on 2025-02-07 08:51:22 CET.
Flavor | Version | Tinstall | Tcheck | Ttotal | Status | Flags |
---|---|---|---|---|---|---|
r-devel-linux-x86_64-debian-clang | 0.1-3 | 9.74 | 69.40 | 79.14 | NOTE | |
r-devel-linux-x86_64-debian-gcc | 0.1-3 | 6.83 | 50.89 | 57.72 | NOTE | |
r-devel-linux-x86_64-fedora-clang | 0.1-3 | 134.16 | OK | |||
r-devel-linux-x86_64-fedora-gcc | 0.1-3 | 120.12 | OK | |||
r-devel-windows-x86_64 | 0.1-3 | 11.00 | 86.00 | 97.00 | NOTE | |
r-patched-linux-x86_64 | 0.1-3 | 11.99 | 65.19 | 77.18 | OK | |
r-release-linux-x86_64 | 0.1-3 | 9.21 | 65.76 | 74.97 | OK | |
r-release-macos-arm64 | 0.1-3 | 36.00 | OK | |||
r-release-macos-x86_64 | 0.1-3 | 53.00 | OK | |||
r-release-windows-x86_64 | 0.1-3 | 11.00 | 80.00 | 91.00 | OK | |
r-oldrel-macos-arm64 | 0.1-3 | 40.00 | OK | |||
r-oldrel-macos-x86_64 | 0.1-3 | 97.00 | OK | |||
r-oldrel-windows-x86_64 | 0.1-3 | 14.00 | 98.00 | 112.00 | OK |
Version: 0.1-3
Check: Rd cross-references
Result: NOTE
Found the following Rd file(s) with Rd \link{} targets missing package
anchors:
geoGAM.Rd: grpreg, cv.grpreg, gamboost, mboost, cvrisk, gam, polr,
cv, mgcv
methods.geoGAM.Rd: summary.gam, plot.gam, gam, predict.gam
predict.geoGAM.Rd: predict.gam, gam
Please provide package anchors for all Rd \link{} targets not in the
package itself and the base packages.
Flavors: r-devel-linux-x86_64-debian-clang, r-devel-linux-x86_64-debian-gcc, r-devel-windows-x86_64