Last updated on 2025-02-24 19:50:34 CET.
Flavor | Version | Tinstall | Tcheck | Ttotal | Status | Flags |
---|---|---|---|---|---|---|
r-devel-linux-x86_64-debian-clang | 0.5.0 | 4.87 | 42.29 | 47.16 | NOTE | |
r-devel-linux-x86_64-debian-gcc | 0.5.0 | 3.54 | 34.06 | 37.60 | NOTE | |
r-devel-linux-x86_64-fedora-clang | 0.5.0 | 72.56 | OK | |||
r-devel-linux-x86_64-fedora-gcc | 0.5.0 | 74.48 | OK | |||
r-devel-macos-arm64 | 0.5.0 | 25.00 | OK | |||
r-devel-macos-x86_64 | 0.5.0 | 52.00 | OK | |||
r-devel-windows-x86_64 | 0.5.0 | 6.00 | 56.00 | 62.00 | NOTE | |
r-patched-linux-x86_64 | 0.5.0 | 6.59 | 40.32 | 46.91 | OK | |
r-release-linux-x86_64 | 0.5.0 | 4.22 | 40.34 | 44.56 | OK | |
r-release-macos-arm64 | 0.5.0 | 24.00 | OK | |||
r-release-macos-x86_64 | 0.5.0 | 34.00 | OK | |||
r-release-windows-x86_64 | 0.5.0 | 6.00 | 56.00 | 62.00 | OK | |
r-oldrel-macos-arm64 | 0.5.0 | 29.00 | OK | |||
r-oldrel-macos-x86_64 | 0.5.0 | 54.00 | OK | |||
r-oldrel-windows-x86_64 | 0.5.0 | 7.00 | 65.00 | 72.00 | OK |
Version: 0.5.0
Check: Rd cross-references
Result: NOTE
Found the following Rd file(s) with Rd \link{} targets missing package
anchors:
plot.geonetwork.Rd: plot_sf
Please provide package anchors for all Rd \link{} targets not in the
package itself and the base packages.
Flavors: r-devel-linux-x86_64-debian-clang, r-devel-linux-x86_64-debian-gcc, r-devel-windows-x86_64