Last updated on 2025-02-24 19:50:34 CET.
Flavor | Version | Tinstall | Tcheck | Ttotal | Status | Flags |
---|---|---|---|---|---|---|
r-devel-linux-x86_64-debian-clang | 0.2.0 | 6.23 | 76.82 | 83.05 | OK | |
r-devel-linux-x86_64-debian-gcc | 0.2.0 | 4.62 | 53.45 | 58.07 | OK | |
r-devel-linux-x86_64-fedora-clang | 0.2.0 | 136.59 | NOTE | |||
r-devel-linux-x86_64-fedora-gcc | 0.2.0 | 140.13 | NOTE | |||
r-devel-macos-arm64 | 0.2.0 | 49.00 | OK | |||
r-devel-macos-x86_64 | 0.2.0 | 88.00 | OK | |||
r-devel-windows-x86_64 | 0.2.0 | 8.00 | 93.00 | 101.00 | OK | |
r-patched-linux-x86_64 | 0.2.0 | 6.40 | 70.03 | 76.43 | OK | |
r-release-linux-x86_64 | 0.2.0 | 6.09 | 69.80 | 75.89 | OK | |
r-release-macos-arm64 | 0.2.0 | 47.00 | OK | |||
r-release-macos-x86_64 | 0.2.0 | 69.00 | OK | |||
r-release-windows-x86_64 | 0.2.0 | 7.00 | 91.00 | 98.00 | OK | |
r-oldrel-macos-arm64 | 0.2.0 | 49.00 | OK | |||
r-oldrel-macos-x86_64 | 0.2.0 | 71.00 | OK | |||
r-oldrel-windows-x86_64 | 0.2.0 | 10.00 | 108.00 | 118.00 | OK |
Version: 0.2.0
Check: dependencies in R code
Result: NOTE
Namespaces in Imports field not imported from:
‘pipeR’ ‘rlang’
All declared Imports should be used.
Flavors: r-devel-linux-x86_64-fedora-clang, r-devel-linux-x86_64-fedora-gcc