CRAN Package Check Results for Package gggap

Last updated on 2025-02-07 08:51:22 CET.

Flavor Version Tinstall Tcheck Ttotal Status Flags
r-devel-linux-x86_64-debian-clang 1.0.1 4.40 41.29 45.69 OK
r-devel-linux-x86_64-debian-gcc 1.0.1 3.35 30.22 33.57 OK
r-devel-linux-x86_64-fedora-clang 1.0.1 74.47 OK
r-devel-linux-x86_64-fedora-gcc 1.0.1 66.61 OK
r-devel-windows-x86_64 1.0.1 7.00 56.00 63.00 OK
r-patched-linux-x86_64 1.0.1 4.19 37.88 42.07 NOTE
r-release-linux-x86_64 1.0.1 3.78 39.06 42.84 NOTE
r-release-macos-arm64 1.0.1 25.00 NOTE
r-release-macos-x86_64 1.0.1 36.00 NOTE
r-release-windows-x86_64 1.0.1 6.00 56.00 62.00 NOTE
r-oldrel-macos-arm64 1.0.1 26.00 NOTE
r-oldrel-macos-x86_64 1.0.1 37.00 NOTE
r-oldrel-windows-x86_64 1.0.1 7.00 62.00 69.00 NOTE

Check Details

Version: 1.0.1
Check: LazyData
Result: NOTE 'LazyData' is specified without a 'data' directory Flavors: r-patched-linux-x86_64, r-release-linux-x86_64, r-release-macos-arm64, r-release-macos-x86_64, r-release-windows-x86_64, r-oldrel-macos-arm64, r-oldrel-macos-x86_64, r-oldrel-windows-x86_64