Last updated on 2024-12-18 19:49:14 CET.
Flavor | Version | Tinstall | Tcheck | Ttotal | Status | Flags |
---|---|---|---|---|---|---|
r-devel-linux-x86_64-debian-clang | 0.1.0 | 4.06 | 30.93 | 34.99 | OK | |
r-devel-linux-x86_64-debian-gcc | 0.1.0 | 3.13 | 24.04 | 27.17 | OK | |
r-devel-linux-x86_64-fedora-clang | 0.1.0 | 56.47 | NOTE | |||
r-devel-linux-x86_64-fedora-gcc | 0.1.0 | 52.37 | NOTE | |||
r-devel-windows-x86_64 | 0.1.0 | 6.00 | 50.00 | 56.00 | OK | |
r-patched-linux-x86_64 | 0.1.0 | 4.03 | 29.49 | 33.52 | OK | |
r-release-linux-x86_64 | 0.1.0 | 3.37 | 30.27 | 33.64 | OK | |
r-release-macos-arm64 | 0.1.0 | 21.00 | OK | |||
r-release-macos-x86_64 | 0.1.0 | 38.00 | OK | |||
r-release-windows-x86_64 | 0.1.0 | 7.00 | 51.00 | 58.00 | OK | |
r-oldrel-macos-arm64 | 0.1.0 | 21.00 | OK | |||
r-oldrel-macos-x86_64 | 0.1.0 | 31.00 | OK | |||
r-oldrel-windows-x86_64 | 0.1.0 | 7.00 | 55.00 | 62.00 | OK |
Version: 0.1.0
Check: dependencies in R code
Result: NOTE
Namespace in Imports field not imported from: ‘tidyr’
All declared Imports should be used.
Flavors: r-devel-linux-x86_64-fedora-clang, r-devel-linux-x86_64-fedora-gcc