Last updated on 2024-12-18 19:49:14 CET.
Flavor | Version | Tinstall | Tcheck | Ttotal | Status | Flags |
---|---|---|---|---|---|---|
r-devel-linux-x86_64-debian-clang | 0.2.1 | 30.80 | 23.64 | 54.44 | NOTE | |
r-devel-linux-x86_64-debian-gcc | 0.2.1 | 22.32 | 20.22 | 42.54 | NOTE | |
r-devel-linux-x86_64-fedora-clang | 0.2.1 | 96.72 | NOTE | |||
r-devel-linux-x86_64-fedora-gcc | 0.2.1 | 103.94 | NOTE | |||
r-devel-windows-x86_64 | 0.2.1 | 34.00 | 68.00 | 102.00 | NOTE | |
r-patched-linux-x86_64 | 0.2.1 | 31.63 | 23.00 | 54.63 | NOTE | |
r-release-linux-x86_64 | 0.2.1 | 29.95 | 22.95 | 52.90 | NOTE | |
r-release-macos-arm64 | 0.2.1 | 30.00 | NOTE | |||
r-release-macos-x86_64 | 0.2.1 | 43.00 | NOTE | |||
r-release-windows-x86_64 | 0.2.1 | 34.00 | 63.00 | 97.00 | NOTE | |
r-oldrel-macos-arm64 | 0.2.1 | 35.00 | OK | |||
r-oldrel-macos-x86_64 | 0.2.1 | 53.00 | OK | |||
r-oldrel-windows-x86_64 | 0.2.1 | 41.00 | 74.00 | 115.00 | OK |
Version: 0.2.1
Check: Rd files
Result: NOTE
checkRd: (-1) gigg.Rd:70-77: Lost braces in \itemize; \value handles \item{}{} directly
checkRd: (-1) gigg.Rd:78: Lost braces in \itemize; \value handles \item{}{} directly
checkRd: (-1) gigg.Rd:79: Lost braces in \itemize; \value handles \item{}{} directly
checkRd: (-1) gigg.Rd:80: Lost braces in \itemize; \value handles \item{}{} directly
checkRd: (-1) gigg.Rd:81: Lost braces in \itemize; \value handles \item{}{} directly
checkRd: (-1) gigg.Rd:82: Lost braces in \itemize; \value handles \item{}{} directly
checkRd: (-1) gigg.Rd:83: Lost braces in \itemize; \value handles \item{}{} directly
checkRd: (-1) gigg.Rd:84: Lost braces in \itemize; \value handles \item{}{} directly
checkRd: (-1) gigg.Rd:85: Lost braces in \itemize; \value handles \item{}{} directly
checkRd: (-1) gigg.Rd:86: Lost braces in \itemize; \value handles \item{}{} directly
Flavors: r-devel-linux-x86_64-debian-clang, r-devel-linux-x86_64-debian-gcc, r-devel-linux-x86_64-fedora-clang, r-devel-linux-x86_64-fedora-gcc, r-devel-windows-x86_64, r-patched-linux-x86_64, r-release-linux-x86_64, r-release-macos-arm64, r-release-macos-x86_64, r-release-windows-x86_64