Last updated on 2025-02-07 08:51:23 CET.
Flavor | Version | Tinstall | Tcheck | Ttotal | Status | Flags |
---|---|---|---|---|---|---|
r-devel-linux-x86_64-debian-clang | 0.1 | 4.83 | 37.49 | 42.32 | OK | |
r-devel-linux-x86_64-debian-gcc | 0.1 | 3.65 | 27.86 | 31.51 | OK | |
r-devel-linux-x86_64-fedora-clang | 0.1 | 67.08 | OK | |||
r-devel-linux-x86_64-fedora-gcc | 0.1 | 61.93 | OK | |||
r-devel-windows-x86_64 | 0.1 | 7.00 | 54.00 | 61.00 | OK | |
r-patched-linux-x86_64 | 0.1 | 4.50 | 34.88 | 39.38 | NOTE | |
r-release-linux-x86_64 | 0.1 | 4.49 | 34.53 | 39.02 | NOTE | |
r-release-macos-arm64 | 0.1 | 21.00 | NOTE | |||
r-release-macos-x86_64 | 0.1 | 34.00 | NOTE | |||
r-release-windows-x86_64 | 0.1 | 7.00 | 57.00 | 64.00 | NOTE | |
r-oldrel-macos-arm64 | 0.1 | 25.00 | NOTE | |||
r-oldrel-macos-x86_64 | 0.1 | 35.00 | NOTE | |||
r-oldrel-windows-x86_64 | 0.1 | 7.00 | 57.00 | 64.00 | NOTE |
Version: 0.1
Check: LazyData
Result: NOTE
'LazyData' is specified without a 'data' directory
Flavors: r-patched-linux-x86_64, r-release-linux-x86_64, r-release-macos-arm64, r-release-macos-x86_64, r-release-windows-x86_64, r-oldrel-macos-arm64, r-oldrel-macos-x86_64, r-oldrel-windows-x86_64