Last updated on 2025-02-07 08:51:23 CET.
Flavor | Version | Tinstall | Tcheck | Ttotal | Status | Flags |
---|---|---|---|---|---|---|
r-devel-linux-x86_64-debian-clang | 0.0.2 | 3.37 | 19.62 | 22.99 | NOTE | |
r-devel-linux-x86_64-debian-gcc | 0.0.2 | 2.25 | 15.87 | 18.12 | NOTE | |
r-devel-linux-x86_64-fedora-clang | 0.0.2 | 37.51 | NOTE | |||
r-devel-linux-x86_64-fedora-gcc | 0.0.2 | 35.01 | NOTE | |||
r-devel-windows-x86_64 | 0.0.2 | 6.00 | 44.00 | 50.00 | NOTE | |
r-patched-linux-x86_64 | 0.0.2 | 3.03 | 18.80 | 21.83 | OK | |
r-release-linux-x86_64 | 0.0.2 | 2.80 | 18.94 | 21.74 | OK | |
r-release-macos-arm64 | 0.0.2 | 18.00 | OK | |||
r-release-macos-x86_64 | 0.0.2 | 28.00 | OK | |||
r-release-windows-x86_64 | 0.0.2 | 7.00 | 44.00 | 51.00 | OK | |
r-oldrel-macos-arm64 | 0.0.2 | 18.00 | OK | |||
r-oldrel-macos-x86_64 | 0.0.2 | 37.00 | OK | |||
r-oldrel-windows-x86_64 | 0.0.2 | 6.00 | 45.00 | 51.00 | OK |
Version: 0.0.2
Check: DESCRIPTION meta-information
Result: NOTE
Missing dependency on R >= 4.1.0 because package code uses the pipe
|> or function shorthand \(...) syntax added in R 4.1.0.
File(s) using such syntax:
‘rtgin1.R’
Flavors: r-devel-linux-x86_64-debian-clang, r-devel-linux-x86_64-debian-gcc, r-devel-linux-x86_64-fedora-clang, r-devel-linux-x86_64-fedora-gcc, r-devel-windows-x86_64