CRAN Package Check Results for Package gogarch

Last updated on 2024-12-18 19:49:14 CET.

Flavor Version Tinstall Tcheck Ttotal Status Flags
r-devel-linux-x86_64-debian-clang 0.7-5 14.43 83.31 97.74 NOTE
r-devel-linux-x86_64-debian-gcc 0.7-5 9.54 59.41 68.95 NOTE
r-devel-linux-x86_64-fedora-clang 0.7-5 155.82 NOTE
r-devel-linux-x86_64-fedora-gcc 0.7-5 152.32 NOTE
r-devel-windows-x86_64 0.7-5 15.00 95.00 110.00 NOTE
r-patched-linux-x86_64 0.7-5 14.31 78.31 92.62 NOTE
r-release-linux-x86_64 0.7-5 12.67 79.39 92.06 NOTE
r-release-macos-arm64 0.7-5 42.00 NOTE
r-release-macos-x86_64 0.7-5 63.00 NOTE
r-release-windows-x86_64 0.7-5 17.00 107.00 124.00 NOTE
r-oldrel-macos-arm64 0.7-5 47.00 NOTE
r-oldrel-macos-x86_64 0.7-5 73.00 NOTE
r-oldrel-windows-x86_64 0.7-5 18.00 113.00 131.00 NOTE

Check Details

Version: 0.7-5
Check: Rd files
Result: NOTE checkRd: (-1) BVDWSTOXX.Rd:14: Escaped LaTeX specials: \& checkRd: (-1) BVDWSTOXX.Rd:15: Escaped LaTeX specials: \& checkRd: (-1) BVDWSTOXX.Rd:16: Escaped LaTeX specials: \& \& checkRd: (-1) BVDWSTOXX.Rd:26: Escaped LaTeX specials: \& checkRd: (-1) BVDWSTOXX.Rd:31: Escaped LaTeX specials: \& checkRd: (-1) BVDWSTOXX.Rd:34: Escaped LaTeX specials: \& checkRd: (-1) BVDWSTOXX.Rd:37: Escaped LaTeX specials: \& Flavors: r-devel-linux-x86_64-debian-clang, r-devel-linux-x86_64-debian-gcc, r-devel-linux-x86_64-fedora-clang, r-devel-linux-x86_64-fedora-gcc, r-devel-windows-x86_64, r-patched-linux-x86_64, r-release-linux-x86_64, r-release-macos-arm64, r-release-macos-x86_64, r-release-windows-x86_64, r-oldrel-macos-arm64, r-oldrel-macos-x86_64, r-oldrel-windows-x86_64