Last updated on 2025-02-07 08:51:23 CET.
Flavor | Version | Tinstall | Tcheck | Ttotal | Status | Flags |
---|---|---|---|---|---|---|
r-devel-linux-x86_64-debian-clang | 0.1 | 1.62 | 16.09 | 17.71 | NOTE | |
r-devel-linux-x86_64-debian-gcc | 0.1 | 1.27 | 13.31 | 14.58 | NOTE | |
r-devel-linux-x86_64-fedora-clang | 0.1 | 29.06 | NOTE | |||
r-devel-linux-x86_64-fedora-gcc | 0.1 | 27.03 | NOTE | |||
r-devel-windows-x86_64 | 0.1 | 2.00 | 35.00 | 37.00 | NOTE | |
r-patched-linux-x86_64 | 0.1 | 1.55 | 15.42 | 16.97 | NOTE | |
r-release-linux-x86_64 | 0.1 | 1.41 | 15.46 | 16.87 | NOTE | |
r-release-macos-arm64 | 0.1 | 13.00 | NOTE | |||
r-release-macos-x86_64 | 0.1 | 19.00 | NOTE | |||
r-release-windows-x86_64 | 0.1 | 2.00 | 34.00 | 36.00 | NOTE | |
r-oldrel-macos-arm64 | 0.1 | 14.00 | NOTE | |||
r-oldrel-macos-x86_64 | 0.1 | 18.00 | NOTE | |||
r-oldrel-windows-x86_64 | 0.1 | 3.00 | 33.00 | 36.00 | NOTE |
Version: 0.1
Check: DESCRIPTION meta-information
Result: NOTE
Malformed Description field: should contain one or more complete sentences.
Flavors: r-devel-linux-x86_64-debian-clang, r-devel-linux-x86_64-debian-gcc, r-devel-linux-x86_64-fedora-clang, r-devel-linux-x86_64-fedora-gcc, r-devel-windows-x86_64, r-patched-linux-x86_64, r-release-linux-x86_64, r-release-macos-arm64, r-release-macos-x86_64, r-release-windows-x86_64, r-oldrel-macos-arm64, r-oldrel-macos-x86_64, r-oldrel-windows-x86_64