Last updated on 2025-02-07 08:51:23 CET.
Flavor | Version | Tinstall | Tcheck | Ttotal | Status | Flags |
---|---|---|---|---|---|---|
r-devel-linux-x86_64-debian-clang | 0.0.11 | 9.56 | 85.92 | 95.48 | NOTE | |
r-devel-linux-x86_64-debian-gcc | 0.0.11 | 7.25 | 62.35 | 69.60 | NOTE | |
r-devel-linux-x86_64-fedora-clang | 0.0.11 | 157.70 | OK | |||
r-devel-linux-x86_64-fedora-gcc | 0.0.11 | 155.61 | OK | |||
r-devel-windows-x86_64 | 0.0.11 | 12.00 | 110.00 | 122.00 | NOTE | |
r-patched-linux-x86_64 | 0.0.11 | 15.97 | 78.90 | 94.87 | NOTE | |
r-release-linux-x86_64 | 0.0.11 | 9.54 | 78.14 | 87.68 | NOTE | |
r-release-macos-arm64 | 0.0.11 | 54.00 | OK | |||
r-release-macos-x86_64 | 0.0.11 | 78.00 | OK | |||
r-release-windows-x86_64 | 0.0.11 | 12.00 | 109.00 | 121.00 | OK | |
r-oldrel-macos-arm64 | 0.0.11 | 58.00 | OK | |||
r-oldrel-macos-x86_64 | 0.0.11 | 127.00 | OK | |||
r-oldrel-windows-x86_64 | 0.0.11 | 15.00 | 115.00 | 130.00 | OK |
Version: 0.0.11
Check: Rd cross-references
Result: NOTE
Found the following Rd file(s) with Rd \link{} targets missing package
anchors:
grafzahl.Rd: corpus, docvars
predict.grafzahl.Rd: corpus
Please provide package anchors for all Rd \link{} targets not in the
package itself and the base packages.
Flavors: r-devel-linux-x86_64-debian-clang, r-devel-linux-x86_64-debian-gcc, r-devel-windows-x86_64
Version: 0.0.11
Check: package dependencies
Result: NOTE
Package suggested but not available for checking: ‘quanteda.textmodels’
Flavors: r-patched-linux-x86_64, r-release-linux-x86_64