Last updated on 2024-12-18 19:49:14 CET.
Flavor | Version | Tinstall | Tcheck | Ttotal | Status | Flags |
---|---|---|---|---|---|---|
r-devel-linux-x86_64-debian-clang | 1.0.0 | 10.22 | 104.98 | 115.20 | OK | |
r-devel-linux-x86_64-debian-gcc | 1.0.0 | 6.99 | 74.29 | 81.28 | OK | |
r-devel-linux-x86_64-fedora-clang | 1.0.0 | 185.38 | NOTE | |||
r-devel-linux-x86_64-fedora-gcc | 1.0.0 | 191.41 | NOTE | |||
r-devel-windows-x86_64 | 1.0.0 | 13.00 | 113.00 | 126.00 | OK | |
r-patched-linux-x86_64 | 1.0.0 | 9.20 | 99.47 | 108.67 | NOTE | |
r-release-linux-x86_64 | 1.0.0 | 7.32 | 100.16 | 107.48 | NOTE | |
r-release-macos-arm64 | 1.0.0 | 58.00 | NOTE | |||
r-release-macos-x86_64 | 1.0.0 | 87.00 | NOTE | |||
r-release-windows-x86_64 | 1.0.0 | 11.00 | 112.00 | 123.00 | NOTE | |
r-oldrel-macos-arm64 | 1.0.0 | 67.00 | NOTE | |||
r-oldrel-macos-x86_64 | 1.0.0 | 98.00 | NOTE | |||
r-oldrel-windows-x86_64 | 1.0.0 | 16.00 | 131.00 | 147.00 | NOTE |
Version: 1.0.0
Check: dependencies in R code
Result: NOTE
Namespace in Imports field not imported from: ‘reshape2’
All declared Imports should be used.
Flavors: r-devel-linux-x86_64-fedora-clang, r-devel-linux-x86_64-fedora-gcc
Version: 1.0.0
Check: LazyData
Result: NOTE
'LazyData' is specified without a 'data' directory
Flavors: r-patched-linux-x86_64, r-release-linux-x86_64, r-release-macos-arm64, r-release-macos-x86_64, r-release-windows-x86_64, r-oldrel-macos-arm64, r-oldrel-macos-x86_64, r-oldrel-windows-x86_64