CRAN Package Check Results for Package happytime

Last updated on 2025-02-07 08:51:23 CET.

Flavor Version Tinstall Tcheck Ttotal Status Flags
r-devel-linux-x86_64-debian-clang 0.1.0 2.05 16.97 19.02 OK
r-devel-linux-x86_64-debian-gcc 0.1.0 1.48 14.07 15.55 OK
r-devel-linux-x86_64-fedora-clang 0.1.0 32.62 OK
r-devel-linux-x86_64-fedora-gcc 0.1.0 29.60 OK
r-devel-windows-x86_64 0.1.0 3.00 34.00 37.00 OK
r-patched-linux-x86_64 0.1.0 1.53 16.66 18.19 NOTE
r-release-linux-x86_64 0.1.0 1.94 16.35 18.29 NOTE
r-release-macos-arm64 0.1.0 14.00 NOTE
r-release-macos-x86_64 0.1.0 18.00 NOTE
r-release-windows-x86_64 0.1.0 2.00 35.00 37.00 NOTE
r-oldrel-macos-arm64 0.1.0 14.00 NOTE
r-oldrel-macos-x86_64 0.1.0 20.00 NOTE
r-oldrel-windows-x86_64 0.1.0 5.00 35.00 40.00 NOTE

Check Details

Version: 0.1.0
Check: LazyData
Result: NOTE 'LazyData' is specified without a 'data' directory Flavors: r-patched-linux-x86_64, r-release-linux-x86_64, r-release-macos-arm64, r-release-macos-x86_64, r-release-windows-x86_64, r-oldrel-macos-arm64, r-oldrel-macos-x86_64, r-oldrel-windows-x86_64