Last updated on 2025-02-24 19:50:35 CET.
Flavor | Version | Tinstall | Tcheck | Ttotal | Status | Flags |
---|---|---|---|---|---|---|
r-devel-linux-x86_64-debian-clang | 0.0.11 | 1.73 | 16.88 | 18.61 | NOTE | |
r-devel-linux-x86_64-debian-gcc | 0.0.11 | 1.28 | 13.70 | 14.98 | NOTE | |
r-devel-linux-x86_64-fedora-clang | 0.0.11 | 28.99 | NOTE | |||
r-devel-linux-x86_64-fedora-gcc | 0.0.11 | 30.19 | NOTE | |||
r-devel-macos-arm64 | 0.0.11 | 16.00 | NOTE | |||
r-devel-macos-x86_64 | 0.0.11 | 35.00 | NOTE | |||
r-devel-windows-x86_64 | 0.0.11 | 3.00 | 36.00 | 39.00 | NOTE | |
r-patched-linux-x86_64 | 0.0.11 | 1.72 | 15.82 | 17.54 | NOTE | |
r-release-linux-x86_64 | 0.0.11 | 1.49 | 15.83 | 17.32 | NOTE | |
r-release-macos-arm64 | 0.0.11 | 18.00 | NOTE | |||
r-release-macos-x86_64 | 0.0.11 | 27.00 | NOTE | |||
r-release-windows-x86_64 | 0.0.11 | 3.00 | 36.00 | 39.00 | NOTE | |
r-oldrel-macos-arm64 | 0.0.11 | 19.00 | NOTE | |||
r-oldrel-macos-x86_64 | 0.0.11 | 19.00 | NOTE | |||
r-oldrel-windows-x86_64 | 0.0.11 | 5.00 | 36.00 | 41.00 | NOTE |
Version: 0.0.11
Check: Rd files
Result: NOTE
checkRd: (-1) simplePostToHost.Rd:14: Escaped LaTeX specials: \&
Flavors: r-devel-linux-x86_64-debian-clang, r-devel-linux-x86_64-debian-gcc, r-devel-linux-x86_64-fedora-clang, r-devel-linux-x86_64-fedora-gcc, r-devel-macos-arm64, r-devel-macos-x86_64, r-devel-windows-x86_64, r-patched-linux-x86_64, r-release-linux-x86_64, r-release-macos-arm64, r-release-macos-x86_64, r-release-windows-x86_64, r-oldrel-macos-arm64, r-oldrel-macos-x86_64, r-oldrel-windows-x86_64