Last updated on 2025-05-13 19:52:35 CEST.
Flavor | Version | Tinstall | Tcheck | Ttotal | Status | Flags |
---|---|---|---|---|---|---|
r-devel-linux-x86_64-debian-clang | 0.1.2 | 1.97 | 30.67 | 32.64 | NOTE | |
r-devel-linux-x86_64-debian-gcc | 0.1.2 | 1.73 | 24.26 | 25.99 | NOTE | |
r-devel-linux-x86_64-fedora-clang | 0.1.2 | 52.84 | OK | |||
r-devel-linux-x86_64-fedora-gcc | 0.1.2 | 65.06 | OK | |||
r-devel-windows-x86_64 | 0.1.2 | 3.00 | 52.00 | 55.00 | OK | |
r-patched-linux-x86_64 | 0.1.2 | 2.15 | 29.82 | 31.97 | OK | |
r-release-linux-x86_64 | 0.1.2 | 2.02 | 29.32 | 31.34 | OK | |
r-release-macos-arm64 | 0.1.2 | 23.00 | OK | |||
r-release-macos-x86_64 | 0.1.2 | 46.00 | OK | |||
r-release-windows-x86_64 | 0.1.2 | 3.00 | 54.00 | 57.00 | OK | |
r-oldrel-macos-arm64 | 0.1.2 | 22.00 | OK | |||
r-oldrel-macos-x86_64 | 0.1.2 | 36.00 | OK | |||
r-oldrel-windows-x86_64 | 0.1.2 | 3.00 | 59.00 | 62.00 | OK |
Version: 0.1.2
Check: CRAN incoming feasibility
Result: NOTE
Maintainer: ‘Bettina Grün <Bettina.Gruen@R-project.org>’
Package CITATION file contains call(s) to old-style personList() or
as.personList(). Please use c() on person objects instead.
Package CITATION file contains call(s) to old-style citEntry(). Please
use bibentry() instead.
Flavors: r-devel-linux-x86_64-debian-clang, r-devel-linux-x86_64-debian-gcc