CRAN Package Check Results for Package igraphtosonia

Last updated on 2025-02-07 08:51:24 CET.

Flavor Version Tinstall Tcheck Ttotal Status Flags
r-devel-linux-x86_64-debian-clang 1.0 1.92 23.85 25.77 NOTE
r-devel-linux-x86_64-debian-gcc 1.0 1.99 18.63 20.62 NOTE
r-devel-linux-x86_64-fedora-clang 1.0 43.47 NOTE
r-devel-linux-x86_64-fedora-gcc 1.0 40.01 NOTE
r-devel-windows-x86_64 1.0 4.00 45.00 49.00 NOTE
r-patched-linux-x86_64 1.0 2.55 22.59 25.14 NOTE
r-release-linux-x86_64 1.0 2.42 22.79 25.21 NOTE
r-release-macos-arm64 1.0 19.00 NOTE
r-release-macos-x86_64 1.0 29.00 NOTE
r-release-windows-x86_64 1.0 4.00 46.00 50.00 NOTE
r-oldrel-macos-arm64 1.0 19.00 NOTE
r-oldrel-macos-x86_64 1.0 23.00 NOTE
r-oldrel-windows-x86_64 1.0 4.00 47.00 51.00 NOTE

Check Details

Version: 1.0
Check: DESCRIPTION meta-information
Result: NOTE Malformed Description field: should contain one or more complete sentences. Flavors: r-devel-linux-x86_64-debian-clang, r-devel-linux-x86_64-debian-gcc, r-devel-linux-x86_64-fedora-clang, r-devel-linux-x86_64-fedora-gcc, r-devel-windows-x86_64, r-patched-linux-x86_64, r-release-linux-x86_64, r-release-macos-arm64, r-release-macos-x86_64, r-release-windows-x86_64, r-oldrel-macos-arm64, r-oldrel-macos-x86_64, r-oldrel-windows-x86_64