Last updated on 2025-05-18 19:50:25 CEST.
Flavor | Version | Tinstall | Tcheck | Ttotal | Status | Flags |
---|---|---|---|---|---|---|
r-devel-linux-x86_64-debian-clang | 1.0.3 | 2.90 | 260.96 | 263.86 | OK | |
r-devel-linux-x86_64-debian-gcc | 1.0.3 | 2.21 | 150.37 | 152.58 | OK | |
r-devel-linux-x86_64-fedora-clang | 1.0.3 | 479.81 | OK | |||
r-devel-linux-x86_64-fedora-gcc | 1.0.3 | 460.06 | OK | |||
r-devel-windows-x86_64 | 1.0.3 | 6.00 | 239.00 | 245.00 | OK | |
r-patched-linux-x86_64 | 1.0.2 | 3.09 | 38.89 | 41.98 | NOTE | |
r-release-linux-x86_64 | 1.0.3 | 2.77 | 248.16 | 250.93 | OK | |
r-release-macos-arm64 | 1.0.3 | 95.00 | OK | |||
r-release-macos-x86_64 | 1.0.2 | 253.00 | NOTE | |||
r-release-windows-x86_64 | 1.0.3 | 5.00 | 239.00 | 244.00 | OK | |
r-oldrel-macos-arm64 | 1.0.3 | 92.00 | OK | |||
r-oldrel-macos-x86_64 | 1.0.3 | 335.00 | OK | |||
r-oldrel-windows-x86_64 | 1.0.2 | 6.00 | 69.00 | 75.00 | NOTE |
Version: 1.0.2
Check: Rd files
Result: NOTE
checkRd: (-1) vaccinesim.Rd:10: Lost braces in \itemize; meant \describe ?
checkRd: (-1) vaccinesim.Rd:11: Lost braces in \itemize; meant \describe ?
checkRd: (-1) vaccinesim.Rd:12: Lost braces in \itemize; meant \describe ?
checkRd: (-1) vaccinesim.Rd:13: Lost braces in \itemize; meant \describe ?
checkRd: (-1) vaccinesim.Rd:14: Lost braces in \itemize; meant \describe ?
checkRd: (-1) vaccinesim.Rd:15: Lost braces in \itemize; meant \describe ?
checkRd: (-1) voters.Rd:10: Lost braces in \itemize; meant \describe ?
checkRd: (-1) voters.Rd:11: Lost braces in \itemize; meant \describe ?
checkRd: (-1) voters.Rd:12: Lost braces in \itemize; meant \describe ?
checkRd: (-1) voters.Rd:13: Lost braces in \itemize; meant \describe ?
checkRd: (-1) voters.Rd:14: Lost braces in \itemize; meant \describe ?
checkRd: (-1) voters.Rd:15: Lost braces in \itemize; meant \describe ?
checkRd: (-1) voters.Rd:16: Lost braces in \itemize; meant \describe ?
checkRd: (-1) voters.Rd:17: Lost braces in \itemize; meant \describe ?
checkRd: (-1) voters.Rd:18: Lost braces in \itemize; meant \describe ?
Flavors: r-patched-linux-x86_64, r-release-macos-x86_64, r-oldrel-windows-x86_64
Version: 1.0.2
Check: Rd cross-references
Result: NOTE
Found the following Rd file(s) with Rd \link{} targets missing package
anchors:
score_calc.Rd: grad
score_matrix.Rd: grad
Please provide package anchors for all Rd \link{} targets not in the
package itself and the base packages.
Flavor: r-patched-linux-x86_64