Last updated on 2025-05-18 08:50:19 CEST.
Flavor | Version | Tinstall | Tcheck | Ttotal | Status | Flags |
---|---|---|---|---|---|---|
r-devel-linux-x86_64-debian-clang | 1.4.2 | 9.59 | 64.89 | 74.48 | NOTE | |
r-devel-linux-x86_64-debian-gcc | 1.4.2 | 5.68 | 45.23 | 50.91 | NOTE | |
r-devel-linux-x86_64-fedora-clang | 1.4.2 | 114.23 | OK | |||
r-devel-linux-x86_64-fedora-gcc | 1.4.2 | 129.69 | OK | |||
r-devel-windows-x86_64 | 1.4.2 | 10.00 | 86.00 | 96.00 | NOTE | |
r-patched-linux-x86_64 | 1.4.2 | 8.49 | 61.52 | 70.01 | NOTE | |
r-release-linux-x86_64 | 1.4.2 | 8.63 | 62.70 | 71.33 | NOTE | |
r-release-macos-arm64 | 1.4.2 | 52.00 | OK | |||
r-release-macos-x86_64 | 1.4.2 | 86.00 | OK | |||
r-release-windows-x86_64 | 1.4.2 | 10.00 | 97.00 | 107.00 | NOTE | |
r-oldrel-macos-arm64 | 1.4.2 | 37.00 | OK | |||
r-oldrel-macos-x86_64 | 1.4.2 | 59.00 | OK | |||
r-oldrel-windows-x86_64 | 1.4.2 | 15.00 | 100.00 | 115.00 | OK |
Version: 1.4.2
Check: CRAN incoming feasibility
Result: NOTE
Maintainer: ‘Shaun Wilkinson <shaunpwilkinson@gmail.com>’
Package CITATION file contains call(s) to old-style personList() or
as.personList(). Please use c() on person objects instead.
Package CITATION file contains call(s) to old-style citEntry(). Please
use bibentry() instead.
Flavors: r-devel-linux-x86_64-debian-clang, r-devel-linux-x86_64-debian-gcc
Version: 1.4.2
Check: Rd cross-references
Result: NOTE
Found the following Rd file(s) with Rd \link{} targets missing package
anchors:
manipulate.Rd: ape
purge.Rd: kmer
Please provide package anchors for all Rd \link{} targets not in the
package itself and the base packages.
Flavors: r-devel-linux-x86_64-debian-clang, r-devel-linux-x86_64-debian-gcc, r-devel-windows-x86_64, r-patched-linux-x86_64, r-release-linux-x86_64, r-release-windows-x86_64