Last updated on 2025-05-13 19:52:35 CEST.
Flavor | Version | Tinstall | Tcheck | Ttotal | Status | Flags |
---|---|---|---|---|---|---|
r-devel-linux-x86_64-debian-clang | 0.1.2 | 3.20 | 22.25 | 25.45 | NOTE | |
r-devel-linux-x86_64-debian-gcc | 0.1.2 | 2.10 | 16.82 | 18.92 | NOTE | |
r-devel-linux-x86_64-fedora-clang | 0.1.2 | 39.08 | OK | |||
r-devel-linux-x86_64-fedora-gcc | 0.1.2 | 38.10 | OK | |||
r-devel-windows-x86_64 | 0.1.2 | 4.00 | 42.00 | 46.00 | OK | |
r-patched-linux-x86_64 | 0.1.2 | 3.21 | 20.97 | 24.18 | OK | |
r-release-linux-x86_64 | 0.1.2 | 2.30 | 21.01 | 23.31 | OK | |
r-release-macos-arm64 | 0.1.2 | 17.00 | OK | |||
r-release-macos-x86_64 | 0.1.2 | 35.00 | OK | |||
r-release-windows-x86_64 | 0.1.2 | 4.00 | 47.00 | 51.00 | OK | |
r-oldrel-macos-arm64 | 0.1.2 | 18.00 | OK | |||
r-oldrel-macos-x86_64 | 0.1.2 | 24.00 | OK | |||
r-oldrel-windows-x86_64 | 0.1.2 | 4.00 | 42.00 | 46.00 | OK |
Version: 0.1.2
Check: CRAN incoming feasibility
Result: NOTE
Maintainer: ‘Kimihiro Noguchi <kimihiro.noguchi@wwu.edu>’
Package CITATION file contains call(s) to old-style personList() or
as.personList(). Please use c() on person objects instead.
Package CITATION file contains call(s) to old-style citEntry(). Please
use bibentry() instead.
Flavors: r-devel-linux-x86_64-debian-clang, r-devel-linux-x86_64-debian-gcc