Last updated on 2025-02-07 08:51:24 CET.
Flavor | Version | Tinstall | Tcheck | Ttotal | Status | Flags |
---|---|---|---|---|---|---|
r-devel-linux-x86_64-debian-clang | 1.1.0 | 29.18 | 43.73 | 72.91 | NOTE | |
r-devel-linux-x86_64-debian-gcc | 1.1.0 | 21.51 | 33.14 | 54.65 | NOTE | |
r-devel-linux-x86_64-fedora-clang | 1.1.0 | 126.02 | NOTE | |||
r-devel-linux-x86_64-fedora-gcc | 1.1.0 | 130.32 | NOTE | |||
r-devel-windows-x86_64 | 1.1.0 | 32.00 | 84.00 | 116.00 | NOTE | |
r-patched-linux-x86_64 | 1.1.0 | 31.35 | 42.21 | 73.56 | NOTE | |
r-release-linux-x86_64 | 1.1.0 | 30.11 | 41.55 | 71.66 | NOTE | |
r-release-macos-arm64 | 1.1.0 | 37.00 | NOTE | |||
r-release-macos-x86_64 | 1.1.0 | 47.00 | NOTE | |||
r-release-windows-x86_64 | 1.1.0 | 31.00 | 82.00 | 113.00 | NOTE | |
r-oldrel-macos-arm64 | 1.1.0 | 36.00 | NOTE | |||
r-oldrel-macos-x86_64 | 1.1.0 | 56.00 | NOTE | |||
r-oldrel-windows-x86_64 | 1.1.0 | 39.00 | 96.00 | 135.00 | NOTE |
Version: 1.1.0
Check: C++ specification
Result: NOTE
Specified C++11: please drop specification unless essential
Flavors: r-devel-linux-x86_64-debian-clang, r-devel-linux-x86_64-debian-gcc, r-devel-linux-x86_64-fedora-clang, r-devel-linux-x86_64-fedora-gcc, r-devel-windows-x86_64, r-patched-linux-x86_64, r-release-linux-x86_64, r-release-macos-arm64, r-release-macos-x86_64, r-release-windows-x86_64, r-oldrel-macos-arm64, r-oldrel-macos-x86_64, r-oldrel-windows-x86_64