Last updated on 2025-02-24 19:50:36 CET.
Flavor | Version | Tinstall | Tcheck | Ttotal | Status | Flags |
---|---|---|---|---|---|---|
r-devel-linux-x86_64-debian-clang | 0.5.0 | 6.62 | 23.94 | 30.56 | OK | |
r-devel-linux-x86_64-debian-gcc | 0.6.0 | 4.04 | 20.59 | 24.63 | OK | |
r-devel-linux-x86_64-fedora-clang | 0.6.0 | 59.93 | WARN | |||
r-devel-linux-x86_64-fedora-gcc | 0.6.0 | 70.81 | OK | |||
r-devel-macos-arm64 | 0.5.0 | 30.00 | OK | |||
r-devel-macos-x86_64 | 0.6.0 | 117.00 | OK | |||
r-devel-windows-x86_64 | 0.5.0 | 8.00 | 54.00 | 62.00 | OK | |
r-patched-linux-x86_64 | 0.6.0 | 5.37 | 23.48 | 28.85 | OK | |
r-release-linux-x86_64 | 0.6.0 | 5.50 | 23.34 | 28.84 | OK | |
r-release-macos-arm64 | 0.5.0 | 46.00 | OK | |||
r-release-macos-x86_64 | 0.6.0 | 102.00 | OK | |||
r-release-windows-x86_64 | 0.5.0 | 10.00 | 54.00 | 64.00 | OK | |
r-oldrel-macos-arm64 | 0.4.0 | 46.00 | OK | |||
r-oldrel-macos-x86_64 | 0.6.0 | 90.00 | OK | |||
r-oldrel-windows-x86_64 | 0.6.0 | 17.00 | 63.00 | 80.00 | OK |
Version: 0.6.0
Check: whether package can be installed
Result: WARN
Found the following significant warnings:
/data/gannet/ripley/R/test-clang/cpp11/include/cpp11/R.hpp:52:31: warning: identifier '_xl' preceded by whitespace in a literal operator declaration is deprecated [-Wdeprecated-literal-operator]
/data/gannet/ripley/R/test-clang/cpp11/include/cpp11/named_arg.hpp:42:29: warning: identifier '_nm' preceded by whitespace in a literal operator declaration is deprecated [-Wdeprecated-literal-operator]
See ‘/data/gannet/ripley/R/packages/tests-clang/kendallknight.Rcheck/00install.out’ for details.
* used C++ compiler: ‘clang version 20.1.0-rc2’
Flavor: r-devel-linux-x86_64-fedora-clang