Last updated on 2025-05-13 19:52:36 CEST.
Flavor | Version | Tinstall | Tcheck | Ttotal | Status | Flags |
---|---|---|---|---|---|---|
r-devel-linux-x86_64-debian-clang | 0.6.2 | 13.46 | 36.58 | 50.04 | NOTE | |
r-devel-linux-x86_64-debian-gcc | 0.6.2 | 9.76 | 26.99 | 36.75 | NOTE | |
r-devel-linux-x86_64-fedora-clang | 0.6.2 | 84.47 | OK | |||
r-devel-linux-x86_64-fedora-gcc | 0.6.2 | 80.04 | OK | |||
r-devel-windows-x86_64 | 0.6.2 | 15.00 | 80.00 | 95.00 | OK | |
r-patched-linux-x86_64 | 0.6.2 | 13.48 | 34.61 | 48.09 | OK | |
r-release-linux-x86_64 | 0.6.2 | 12.65 | 34.75 | 47.40 | OK | |
r-release-macos-arm64 | 0.6.2 | 28.00 | OK | |||
r-release-macos-x86_64 | 0.6.2 | 47.00 | OK | |||
r-release-windows-x86_64 | 0.6.2 | 16.00 | 77.00 | 93.00 | OK | |
r-oldrel-macos-arm64 | 0.6.2 | 27.00 | OK | |||
r-oldrel-macos-x86_64 | 0.6.2 | 39.00 | OK | |||
r-oldrel-windows-x86_64 | 0.6.2 | 14.00 | 89.00 | 103.00 | OK |
Version: 0.6.2
Check: CRAN incoming feasibility
Result: NOTE
Maintainer: ‘Jason S. Byers <jaybyers55@gmail.com>’
No Authors@R field in DESCRIPTION.
Please add one, modifying
Authors@R: c(person(given = c("Jason", "S."),
family = "Byers",
role = c("aut", "cre"),
email = "jaybyers55@gmail.com"),
person(family = "Le Bao",
role = "aut"),
person(given = "Jamie",
family = "Carson",
role = "aut"),
person(given = "Jeff",
family = "Gill",
role = "aut"))
as necessary.
Flavors: r-devel-linux-x86_64-debian-clang, r-devel-linux-x86_64-debian-gcc