Last updated on 2025-02-07 08:51:25 CET.
Flavor | Version | Tinstall | Tcheck | Ttotal | Status | Flags |
---|---|---|---|---|---|---|
r-devel-linux-x86_64-debian-clang | 1.0 | 1.76 | 16.81 | 18.57 | OK | |
r-devel-linux-x86_64-debian-gcc | 1.0 | 1.25 | 13.96 | 15.21 | OK | |
r-devel-linux-x86_64-fedora-clang | 1.0 | 29.94 | OK | |||
r-devel-linux-x86_64-fedora-gcc | 1.0 | 28.28 | OK | |||
r-devel-windows-x86_64 | 1.0 | 3.00 | 36.00 | 39.00 | OK | |
r-patched-linux-x86_64 | 1.0 | 1.81 | 16.30 | 18.11 | NOTE | |
r-release-linux-x86_64 | 1.0 | 1.34 | 16.50 | 17.84 | NOTE | |
r-release-macos-arm64 | 1.0 | 14.00 | NOTE | |||
r-release-macos-x86_64 | 1.0 | 19.00 | NOTE | |||
r-release-windows-x86_64 | 1.0 | 3.00 | 37.00 | 40.00 | NOTE | |
r-oldrel-macos-arm64 | 1.0 | 14.00 | NOTE | |||
r-oldrel-macos-x86_64 | 1.0 | 18.00 | NOTE | |||
r-oldrel-windows-x86_64 | 1.0 | 3.00 | 34.00 | 37.00 | NOTE |
Version: 1.0
Check: LazyData
Result: NOTE
'LazyData' is specified without a 'data' directory
Flavors: r-patched-linux-x86_64, r-release-linux-x86_64, r-release-macos-arm64, r-release-macos-x86_64, r-release-windows-x86_64, r-oldrel-macos-arm64, r-oldrel-macos-x86_64, r-oldrel-windows-x86_64