CRAN Package Check Results for Package less

Last updated on 2024-12-18 19:49:16 CET.

Flavor Version Tinstall Tcheck Ttotal Status Flags
r-devel-linux-x86_64-debian-clang 0.1.0 34.18 120.43 154.61 OK
r-devel-linux-x86_64-debian-gcc 0.1.0 20.05 83.85 103.90 OK
r-devel-linux-x86_64-fedora-clang 0.1.0 240.50 NOTE
r-devel-linux-x86_64-fedora-gcc 0.1.0 244.43 NOTE
r-devel-windows-x86_64 0.1.0 31.00 131.00 162.00 OK
r-patched-linux-x86_64 0.1.0 26.90 112.27 139.17 OK
r-release-linux-x86_64 0.1.0 27.93 111.74 139.67 OK
r-release-macos-arm64 0.1.0 61.00 OK
r-release-macos-x86_64 0.1.0 90.00 OK
r-release-windows-x86_64 0.1.0 28.00 144.00 172.00 OK
r-oldrel-macos-arm64 0.1.0 68.00 OK
r-oldrel-macos-x86_64 0.1.0 113.00 OK
r-oldrel-windows-x86_64 0.1.0 41.00 164.00 205.00 OK

Check Details

Version: 0.1.0
Check: dependencies in R code
Result: NOTE Namespace in Imports field not imported from: ‘R6’ All declared Imports should be used. Flavors: r-devel-linux-x86_64-fedora-clang, r-devel-linux-x86_64-fedora-gcc