Last updated on 2025-05-13 19:52:36 CEST.
Flavor | Version | Tinstall | Tcheck | Ttotal | Status | Flags |
---|---|---|---|---|---|---|
r-devel-linux-x86_64-debian-clang | 0.0.1 | 2.12 | 21.77 | 23.89 | OK | |
r-devel-linux-x86_64-debian-gcc | 0.0.1 | 1.68 | 18.15 | 19.83 | OK | |
r-devel-linux-x86_64-fedora-clang | 0.0.1 | 37.98 | OK | |||
r-devel-linux-x86_64-fedora-gcc | 0.0.1 | 36.22 | OK | |||
r-devel-windows-x86_64 | 0.0.1 | 3.00 | 56.00 | 59.00 | OK | |
r-patched-linux-x86_64 | 0.0.1 | 1.90 | 21.26 | 23.16 | OK | |
r-release-linux-x86_64 | 0.0.1 | 2.13 | 20.99 | 23.12 | OK | |
r-release-macos-arm64 | 0.0.1 | 17.00 | OK | |||
r-release-macos-x86_64 | 0.0.1 | 31.00 | OK | |||
r-release-windows-x86_64 | 0.0.1 | 3.00 | 49.00 | 52.00 | OK | |
r-oldrel-macos-arm64 | 0.0.1 | 21.00 | NOTE | |||
r-oldrel-macos-x86_64 | 0.0.1 | 34.00 | NOTE | |||
r-oldrel-windows-x86_64 | 0.0.1 | 3.00 | 50.00 | 53.00 | NOTE |
Version: 0.0.1
Check: LazyData
Result: NOTE
'LazyData' is specified without a 'data' directory
Flavors: r-oldrel-macos-arm64, r-oldrel-macos-x86_64, r-oldrel-windows-x86_64