Last updated on 2025-02-24 19:50:37 CET.
Flavor | Version | Tinstall | Tcheck | Ttotal | Status | Flags |
---|---|---|---|---|---|---|
r-devel-linux-x86_64-debian-clang | 0.1.1 | 1.74 | 22.90 | 24.64 | OK | |
r-devel-linux-x86_64-debian-gcc | 0.1.1 | 1.31 | 19.53 | 20.84 | OK | |
r-devel-linux-x86_64-fedora-clang | 0.1.1 | 40.22 | OK | |||
r-devel-linux-x86_64-fedora-gcc | 0.1.1 | 52.08 | OK | |||
r-devel-macos-arm64 | 0.1.1 | 23.00 | OK | |||
r-devel-macos-x86_64 | 0.1.1 | 40.00 | OK | |||
r-devel-windows-x86_64 | 0.1.1 | 3.00 | 50.00 | 53.00 | OK | |
r-patched-linux-x86_64 | 0.1.1 | 1.76 | 22.20 | 23.96 | NOTE | |
r-release-linux-x86_64 | 0.1.1 | 1.81 | 21.78 | 23.59 | NOTE | |
r-release-macos-arm64 | 0.1.1 | 22.00 | NOTE | |||
r-release-macos-x86_64 | 0.1.1 | 33.00 | NOTE | |||
r-release-windows-x86_64 | 0.1.1 | 2.00 | 51.00 | 53.00 | NOTE | |
r-oldrel-macos-arm64 | 0.1.1 | 24.00 | NOTE | |||
r-oldrel-macos-x86_64 | 0.1.1 | 33.00 | NOTE | |||
r-oldrel-windows-x86_64 | 0.1.1 | 3.00 | 51.00 | 54.00 | NOTE |
Version: 0.1.1
Check: LazyData
Result: NOTE
'LazyData' is specified without a 'data' directory
Flavors: r-patched-linux-x86_64, r-release-linux-x86_64, r-release-macos-arm64, r-release-macos-x86_64, r-release-windows-x86_64, r-oldrel-macos-arm64, r-oldrel-macos-x86_64, r-oldrel-windows-x86_64