Last updated on 2025-02-24 19:50:37 CET.
Flavor | Version | Tinstall | Tcheck | Ttotal | Status | Flags |
---|---|---|---|---|---|---|
r-devel-linux-x86_64-debian-clang | 0.1.1 | 55.10 | 27.52 | 82.62 | OK | |
r-devel-linux-x86_64-debian-gcc | 0.1.1 | 53.06 | 21.75 | 74.81 | OK | |
r-devel-linux-x86_64-fedora-clang | 0.1.1 | 147.82 | WARN | |||
r-devel-linux-x86_64-fedora-gcc | 0.1.1 | 175.05 | OK | |||
r-devel-macos-arm64 | 0.1.1 | 39.00 | OK | |||
r-devel-macos-x86_64 | 0.1.1 | 75.00 | OK | |||
r-devel-windows-x86_64 | 0.1.1 | 59.00 | 69.00 | 128.00 | OK | |
r-patched-linux-x86_64 | 0.1.1 | 68.16 | 26.14 | 94.30 | OK | |
r-release-linux-x86_64 | 0.1.1 | 72.41 | 26.82 | 99.23 | OK | |
r-release-macos-arm64 | 0.1.1 | 48.00 | NOTE | |||
r-release-macos-x86_64 | 0.1.1 | 62.00 | NOTE | |||
r-release-windows-x86_64 | 0.1.1 | 57.00 | 70.00 | 127.00 | OK | |
r-oldrel-macos-arm64 | 0.1.1 | 43.00 | NOTE | |||
r-oldrel-macos-x86_64 | 0.1.1 | 75.00 | NOTE | |||
r-oldrel-windows-x86_64 | 0.1.1 | 56.00 | 80.00 | 136.00 | OK |
Version: 0.1.1
Check: whether package can be installed
Result: WARN
Found the following significant warnings:
/data/gannet/ripley/R/test-clang/cpp11/include/cpp11/R.hpp:52:31: warning: identifier '_xl' preceded by whitespace in a literal operator declaration is deprecated [-Wdeprecated-literal-operator]
/data/gannet/ripley/R/test-clang/cpp11/include/cpp11/named_arg.hpp:42:29: warning: identifier '_nm' preceded by whitespace in a literal operator declaration is deprecated [-Wdeprecated-literal-operator]
See ‘/data/gannet/ripley/R/packages/tests-clang/literanger.Rcheck/00install.out’ for details.
* used C++ compiler: ‘clang version 20.1.0-rc2’
Flavor: r-devel-linux-x86_64-fedora-clang
Version: 0.1.1
Check: installed package size
Result: NOTE
installed size is 10.4Mb
sub-directories of 1Mb or more:
libs 10.3Mb
Flavors: r-release-macos-arm64, r-release-macos-x86_64, r-oldrel-macos-arm64, r-oldrel-macos-x86_64