CRAN Package Check Results for Package lobstr

Last updated on 2025-02-24 19:50:37 CET.

Flavor Version Tinstall Tcheck Ttotal Status Flags
r-devel-linux-x86_64-debian-clang 1.1.2 9.40 30.92 40.32 NOTE
r-devel-linux-x86_64-debian-gcc 1.1.2 6.89 22.32 29.21 NOTE
r-devel-linux-x86_64-fedora-clang 1.1.2 78.04 WARN
r-devel-linux-x86_64-fedora-gcc 1.1.2 62.19 NOTE
r-devel-macos-arm64 1.1.2 22.00 NOTE
r-devel-macos-x86_64 1.1.2 40.00 NOTE
r-devel-windows-x86_64 1.1.2 15.00 66.00 81.00 NOTE
r-patched-linux-x86_64 1.1.2 8.64 28.53 37.17 NOTE
r-release-linux-x86_64 1.1.2 8.56 29.04 37.60 NOTE
r-release-macos-arm64 1.1.2 27.00 NOTE
r-release-macos-x86_64 1.1.2 34.00 NOTE
r-release-windows-x86_64 1.1.2 13.00 66.00 79.00 NOTE
r-oldrel-macos-arm64 1.1.2 23.00 NOTE
r-oldrel-macos-x86_64 1.1.2 35.00 NOTE
r-oldrel-windows-x86_64 1.1.2 13.00 75.00 88.00 NOTE

Check Details

Version: 1.1.2
Check: C++ specification
Result: NOTE Specified C++11: please drop specification unless essential Flavors: r-devel-linux-x86_64-debian-clang, r-devel-linux-x86_64-debian-gcc, r-devel-linux-x86_64-fedora-clang, r-devel-linux-x86_64-fedora-gcc, r-devel-macos-arm64, r-devel-macos-x86_64, r-devel-windows-x86_64, r-patched-linux-x86_64, r-release-linux-x86_64, r-release-macos-arm64, r-release-macos-x86_64, r-release-windows-x86_64, r-oldrel-macos-arm64, r-oldrel-macos-x86_64, r-oldrel-windows-x86_64

Version: 1.1.2
Check: compiled code
Result: NOTE File ‘lobstr/libs/lobstr.so’: Found non-API calls to R: ‘FRAME’, ‘HASHTAB’, ‘NAMED’, ‘PRCODE’, ‘PRENV’, ‘PRVALUE’, ‘Rf_findVarInFrame3’, ‘TRUELENGTH’ Compiled code should not call non-API entry points in R. See ‘Writing portable packages’ in the ‘Writing R Extensions’ manual, and section ‘Moving into C API compliance’ for issues with the use of non-API entry points. Flavors: r-devel-linux-x86_64-debian-clang, r-devel-linux-x86_64-debian-gcc, r-devel-linux-x86_64-fedora-clang, r-devel-linux-x86_64-fedora-gcc, r-devel-macos-arm64, r-devel-macos-x86_64

Version: 1.1.2
Check: whether package can be installed
Result: WARN Found the following significant warnings: /data/gannet/ripley/R/test-clang/cpp11/include/cpp11/R.hpp:52:31: warning: identifier '_xl' preceded by whitespace in a literal operator declaration is deprecated [-Wdeprecated-literal-operator] /data/gannet/ripley/R/test-clang/cpp11/include/cpp11/named_arg.hpp:42:29: warning: identifier '_nm' preceded by whitespace in a literal operator declaration is deprecated [-Wdeprecated-literal-operator] See ‘/data/gannet/ripley/R/packages/tests-clang/lobstr.Rcheck/00install.out’ for details. * used C++ compiler: ‘clang version 20.1.0-rc2’ Flavor: r-devel-linux-x86_64-fedora-clang

Version: 1.1.2
Check: compiled code
Result: NOTE File 'lobstr/libs/x64/lobstr.dll': Found non-API calls to R: 'FRAME', 'HASHTAB', 'NAMED', 'PRCODE', 'PRENV', 'PRVALUE', 'Rf_findVarInFrame3', 'TRUELENGTH' Compiled code should not call non-API entry points in R. See 'Writing portable packages' in the 'Writing R Extensions' manual, and section 'Moving into C API compliance' for issues with the use of non-API entry points. Flavor: r-devel-windows-x86_64