Last updated on 2025-02-24 19:50:37 CET.
Flavor | Version | Tinstall | Tcheck | Ttotal | Status | Flags |
---|---|---|---|---|---|---|
r-devel-linux-x86_64-debian-clang | 1.0.0 | 22.72 | 43.23 | 65.95 | OK | |
r-devel-linux-x86_64-debian-gcc | 1.0.0 | 17.27 | 31.73 | 49.00 | OK | |
r-devel-linux-x86_64-fedora-clang | 1.0.0 | 135.96 | WARN | |||
r-devel-linux-x86_64-fedora-gcc | 1.0.0 | 141.84 | OK | |||
r-devel-macos-arm64 | 1.0.0 | 43.00 | OK | |||
r-devel-macos-x86_64 | 1.0.0 | 99.00 | OK | |||
r-devel-windows-x86_64 | 1.0.0 | 30.00 | 96.00 | 126.00 | OK | |
r-patched-linux-x86_64 | 1.0.0 | 23.51 | 41.25 | 64.76 | OK | |
r-release-linux-x86_64 | 1.0.0 | 23.92 | 41.70 | 65.62 | OK | |
r-release-macos-arm64 | 1.0.0 | 53.00 | OK | |||
r-release-macos-x86_64 | 1.0.0 | 97.00 | OK | |||
r-release-windows-x86_64 | 1.0.0 | 31.00 | 89.00 | 120.00 | OK | |
r-oldrel-macos-arm64 | 1.0.0 | 53.00 | OK | |||
r-oldrel-macos-x86_64 | 1.0.0 | 74.00 | OK | |||
r-oldrel-windows-x86_64 | 1.0.0 | 29.00 | 98.00 | 127.00 | OK |
Version: 1.0.0
Check: whether package can be installed
Result: WARN
Found the following significant warnings:
/data/gannet/ripley/R/test-clang/cpp11/include/cpp11/R.hpp:52:31: warning: identifier '_xl' preceded by whitespace in a literal operator declaration is deprecated [-Wdeprecated-literal-operator]
/data/gannet/ripley/R/test-clang/cpp11/include/cpp11/named_arg.hpp:42:29: warning: identifier '_nm' preceded by whitespace in a literal operator declaration is deprecated [-Wdeprecated-literal-operator]
See ‘/data/gannet/ripley/R/packages/tests-clang/lotri.Rcheck/00install.out’ for details.
* used C compiler: ‘clang version 20.1.0-rc2’
* used C++ compiler: ‘clang version 20.1.0-rc2’
Flavor: r-devel-linux-x86_64-fedora-clang