CRAN Package Check Results for Package lvplot

Last updated on 2025-02-07 08:51:26 CET.

Flavor Version Tinstall Tcheck Ttotal Status Flags
r-devel-linux-x86_64-debian-clang 0.2.1 50.50 54.80 105.30 NOTE
r-devel-linux-x86_64-debian-gcc 0.2.1 34.78 37.50 72.28 NOTE
r-devel-linux-x86_64-fedora-clang 0.2.1 166.44 NOTE
r-devel-linux-x86_64-fedora-gcc 0.2.1 156.64 NOTE
r-devel-windows-x86_64 0.2.1 47.00 68.00 115.00 NOTE
r-patched-linux-x86_64 0.2.1 53.10 50.54 103.64 NOTE
r-release-linux-x86_64 0.2.1 48.62 50.44 99.06 NOTE
r-release-macos-arm64 0.2.1 62.00 NOTE
r-release-macos-x86_64 0.2.1 103.00 NOTE
r-release-windows-x86_64 0.2.1 44.00 71.00 115.00 NOTE
r-oldrel-macos-arm64 0.2.1 70.00 NOTE
r-oldrel-macos-x86_64 0.2.1 92.00 NOTE
r-oldrel-windows-x86_64 0.2.1 54.00 82.00 136.00 NOTE

Check Details

Version: 0.2.1
Check: Rd files
Result: NOTE checkRd: (-1) geom_lv.Rd:101: Lost braces; missing escapes or markup? 101 | determines whether the width of the box for letter value LV(i) should be proportional to i (linear), proportional to $2^{-i}$ (height), or whether | ^ checkRd: (-1) geom_lv.Rd:102: Lost braces; missing escapes or markup? 102 | the area of the box should be proportional to $2^{-i}$ (area).} | ^ Flavors: r-devel-linux-x86_64-debian-clang, r-devel-linux-x86_64-debian-gcc, r-devel-linux-x86_64-fedora-clang, r-devel-linux-x86_64-fedora-gcc, r-devel-windows-x86_64, r-patched-linux-x86_64, r-release-linux-x86_64, r-release-macos-arm64, r-release-macos-x86_64, r-release-windows-x86_64

Version: 0.2.1
Check: Rd cross-references
Result: NOTE Found the following Rd file(s) with Rd \link{} targets missing package anchors: geom_lv.Rd: stat_quantile Please provide package anchors for all Rd \link{} targets not in the package itself and the base packages. Flavors: r-devel-linux-x86_64-debian-clang, r-devel-linux-x86_64-debian-gcc, r-devel-windows-x86_64

Version: 0.2.1
Check: package dependencies
Result: NOTE Package suggested but not available for checking: ‘depth’ Flavors: r-patched-linux-x86_64, r-release-linux-x86_64, r-release-macos-arm64, r-release-macos-x86_64, r-release-windows-x86_64, r-oldrel-macos-arm64, r-oldrel-macos-x86_64, r-oldrel-windows-x86_64