Last updated on 2025-02-24 19:50:37 CET.
Flavor | Version | Tinstall | Tcheck | Ttotal | Status | Flags |
---|---|---|---|---|---|---|
r-devel-linux-x86_64-debian-clang | 0.1.3 | 9.31 | 18.37 | 27.68 | OK | |
r-devel-linux-x86_64-debian-gcc | 0.1.3 | 5.16 | 15.08 | 20.24 | OK | |
r-devel-linux-x86_64-fedora-clang | 0.1.3 | 52.11 | WARN | |||
r-devel-linux-x86_64-fedora-gcc | 0.1.3 | 42.21 | OK | |||
r-devel-macos-arm64 | 0.1.3 | 18.00 | OK | |||
r-devel-macos-x86_64 | 0.1.3 | 29.00 | OK | |||
r-devel-windows-x86_64 | 0.1.3 | 10.00 | 47.00 | 57.00 | OK | |
r-patched-linux-x86_64 | 0.1.3 | 7.68 | 17.85 | 25.53 | OK | |
r-release-linux-x86_64 | 0.1.3 | 7.40 | 18.22 | 25.62 | OK | |
r-release-macos-arm64 | 0.1.3 | 22.00 | OK | |||
r-release-macos-x86_64 | 0.1.3 | 34.00 | OK | |||
r-release-windows-x86_64 | 0.1.3 | 10.00 | 52.00 | 62.00 | OK | |
r-oldrel-macos-arm64 | 0.1.3 | 20.00 | OK | |||
r-oldrel-macos-x86_64 | 0.1.3 | 35.00 | OK | |||
r-oldrel-windows-x86_64 | 0.1.3 | 11.00 | 63.00 | 74.00 | OK |
Version: 0.1.3
Check: whether package can be installed
Result: WARN
Found the following significant warnings:
/data/gannet/ripley/R/test-clang/cpp11/include/cpp11/R.hpp:52:31: warning: identifier '_xl' preceded by whitespace in a literal operator declaration is deprecated [-Wdeprecated-literal-operator]
/data/gannet/ripley/R/test-clang/cpp11/include/cpp11/named_arg.hpp:42:29: warning: identifier '_nm' preceded by whitespace in a literal operator declaration is deprecated [-Wdeprecated-literal-operator]
See ‘/data/gannet/ripley/R/packages/tests-clang/lzstring.Rcheck/00install.out’ for details.
* used C++ compiler: ‘clang version 20.1.0-rc2’
Flavor: r-devel-linux-x86_64-fedora-clang