CRAN Package Check Results for Package mSTEM

Last updated on 2025-02-21 08:52:39 CET.

Flavor Version Tinstall Tcheck Ttotal Status Flags
r-devel-linux-x86_64-debian-clang 1.0-1 3.07 25.29 28.36 OK
r-devel-linux-x86_64-debian-gcc 1.0-1 2.28 19.69 21.97 OK
r-devel-linux-x86_64-fedora-clang 1.0-1 47.11 OK
r-devel-linux-x86_64-fedora-gcc 1.0-1 42.45 OK
r-devel-macos-arm64 1.0-1 19.00 OK
r-devel-macos-x86_64 1.0-1 29.00 OK
r-devel-windows-x86_64 1.0-1 4.00 47.00 51.00 OK
r-patched-linux-x86_64 1.0-1 2.80 24.23 27.03 NOTE
r-release-linux-x86_64 1.0-1 2.79 24.91 27.70 NOTE
r-release-macos-arm64 1.0-1 18.00 NOTE
r-release-macos-x86_64 1.0-1 26.00 NOTE
r-release-windows-x86_64 1.0-1 5.00 48.00 53.00 NOTE
r-oldrel-macos-arm64 1.0-1 19.00 NOTE
r-oldrel-macos-x86_64 1.0-1 27.00 NOTE
r-oldrel-windows-x86_64 1.0-1 5.00 47.00 52.00 NOTE

Check Details

Version: 1.0-1
Check: LazyData
Result: NOTE 'LazyData' is specified without a 'data' directory Flavors: r-patched-linux-x86_64, r-release-linux-x86_64, r-release-macos-arm64, r-release-macos-x86_64, r-release-windows-x86_64, r-oldrel-macos-arm64, r-oldrel-macos-x86_64, r-oldrel-windows-x86_64