Last updated on 2025-05-17 08:49:42 CEST.
Flavor | Version | Tinstall | Tcheck | Ttotal | Status | Flags |
---|---|---|---|---|---|---|
r-devel-linux-x86_64-debian-clang | 0.0.2 | 4.10 | 40.98 | 45.08 | OK | |
r-devel-linux-x86_64-debian-gcc | 0.0.2 | 2.76 | 30.46 | 33.22 | OK | |
r-devel-linux-x86_64-fedora-clang | 0.0.2 | 72.80 | OK | |||
r-devel-linux-x86_64-fedora-gcc | 0.0.2 | 85.16 | OK | |||
r-devel-windows-x86_64 | 0.0.2 | 7.00 | 69.00 | 76.00 | OK | |
r-patched-linux-x86_64 | 0.0.2 | 4.03 | 38.85 | 42.88 | OK | |
r-release-linux-x86_64 | 0.0.2 | 3.82 | 38.78 | 42.60 | OK | |
r-release-macos-arm64 | 0.0.2 | 31.00 | OK | |||
r-release-macos-x86_64 | 0.0.2 | 55.00 | OK | |||
r-release-windows-x86_64 | 0.0.2 | 5.00 | 58.00 | 63.00 | OK | |
r-oldrel-macos-arm64 | 0.0.2 | 29.00 | NOTE | |||
r-oldrel-macos-x86_64 | 0.0.2 | 43.00 | NOTE | |||
r-oldrel-windows-x86_64 | 0.0.2 | 7.00 | 65.00 | 72.00 | NOTE |
Version: 0.0.2
Check: LazyData
Result: NOTE
'LazyData' is specified without a 'data' directory
Flavors: r-oldrel-macos-arm64, r-oldrel-macos-x86_64, r-oldrel-windows-x86_64