Last updated on 2025-05-19 08:51:08 CEST.
Flavor | Version | Tinstall | Tcheck | Ttotal | Status | Flags |
---|---|---|---|---|---|---|
r-devel-linux-x86_64-debian-clang | 0.2.8 | 37.79 | 75.81 | 113.60 | OK | |
r-devel-linux-x86_64-debian-gcc | 0.2.8 | 27.49 | 54.37 | 81.86 | OK | |
r-devel-linux-x86_64-fedora-clang | 0.2.8 | 177.22 | OK | |||
r-devel-linux-x86_64-fedora-gcc | 0.2.8 | 174.13 | OK | |||
r-devel-windows-x86_64 | 0.2.8 | 40.00 | 110.00 | 150.00 | OK | |
r-patched-linux-x86_64 | 0.2.8 | 37.29 | 69.49 | 106.78 | OK | |
r-release-linux-x86_64 | 0.2.8 | 34.74 | 69.95 | 104.69 | OK | |
r-release-macos-arm64 | 0.2.8 | 58.00 | OK | |||
r-release-macos-x86_64 | 0.2.8 | 114.00 | OK | |||
r-release-windows-x86_64 | 0.2.8 | 40.00 | 100.00 | 140.00 | OK | |
r-oldrel-macos-arm64 | 0.2.8 | 68.00 | NOTE | |||
r-oldrel-macos-x86_64 | 0.2.8 | 194.00 | NOTE | |||
r-oldrel-windows-x86_64 | 0.2.8 | 54.00 | 114.00 | 168.00 | OK |
Version: 0.2.8
Check: installed package size
Result: NOTE
installed size is 5.4Mb
sub-directories of 1Mb or more:
data 5.1Mb
Flavors: r-oldrel-macos-arm64, r-oldrel-macos-x86_64